{"version":"1.0","provider_name":"Forum Salud Mental Asturias","provider_url":"https:\/\/forummontau.com\/asturias","author_name":"Forum Salud Mental Asturias","author_url":"https:\/\/forummontau.com\/asturias\/author\/forum-salud-mental-asturias-5\/","title":"Educar para prevenir - Forum Salud Mental Asturias","type":"rich","width":600,"height":338,"html":"<blockquote class=\"wp-embedded-content\" data-secret=\"O4uLJHnW3I\"><a href=\"https:\/\/forummontau.com\/asturias\/educar-para-prevenir\/\">Educar para prevenir<\/a><\/blockquote><iframe sandbox=\"allow-scripts\" security=\"restricted\" src=\"https:\/\/forummontau.com\/asturias\/educar-para-prevenir\/embed\/#?secret=O4uLJHnW3I\" width=\"600\" height=\"338\" title=\"\u00abEducar para prevenir\u00bb \u2014 Forum Salud Mental Asturias\" data-secret=\"O4uLJHnW3I\" frameborder=\"0\" marginwidth=\"0\" marginheight=\"0\" scrolling=\"no\" class=\"wp-embedded-content\"><\/iframe><script>\n\/*! This file is auto-generated *\/\n!function(d,l){\"use strict\";l.querySelector&&d.addEventListener&&\"undefined\"!=typeof URL&&(d.wp=d.wp||{},d.wp.receiveEmbedMessage||(d.wp.receiveEmbedMessage=function(e){var t=e.data;if((t||t.secret||t.message||t.value)&&!\/[^a-zA-Z0-9]\/.test(t.secret)){for(var s,r,n,a=l.querySelectorAll('iframe[data-secret=\"'+t.secret+'\"]'),o=l.querySelectorAll('blockquote[data-secret=\"'+t.secret+'\"]'),c=new RegExp(\"^https?:$\",\"i\"),i=0;i<o.length;i++)o[i].style.display=\"none\";for(i=0;i<a.length;i++)s=a[i],e.source===s.contentWindow&&(s.removeAttribute(\"style\"),\"height\"===t.message?(1e3<(r=parseInt(t.value,10))?r=1e3:~~r<200&&(r=200),s.height=r):\"link\"===t.message&&(r=new URL(s.getAttribute(\"src\")),n=new URL(t.value),c.test(n.protocol))&&n.host===r.host&&l.activeElement===s&&(d.top.location.href=t.value))}},d.addEventListener(\"message\",d.wp.receiveEmbedMessage,!1),l.addEventListener(\"DOMContentLoaded\",function(){for(var e,t,s=l.querySelectorAll(\"iframe.wp-embedded-content\"),r=0;r<s.length;r++)(t=(e=s[r]).getAttribute(\"data-secret\"))||(t=Math.random().toString(36).substring(2,12),e.src+=\"#?secret=\"+t,e.setAttribute(\"data-secret\",t)),e.contentWindow.postMessage({message:\"ready\",secret:t},\"*\")},!1)))}(window,document);\n\/\/# sourceURL=https:\/\/forummontau.com\/asturias\/wp-includes\/js\/wp-embed.min.js\n<\/script>\n","thumbnail_url":"https:\/\/forummontau.com\/asturias\/wp-content\/uploads\/sites\/7\/2017\/07\/educar-2.png","thumbnail_width":600,"thumbnail_height":367,"description":"Las intoxicaciones et\u00edlicas en menores son cada vez m\u00e1s frecuentes. La historia de Laura, la ni\u00f1a de 12 a\u00f1os que muri\u00f3 tras un botell\u00f3n en Madrid no es una historia aislada. Es una tragedia que est\u00e1 ah\u00ed y que preocupa a familias, administraciones, sanitarios y entidades que trabajan en los \u00e1mbitos de la prevenci\u00f3n y [&hellip;]"}

Las intoxicaciones etílicas en menores son cada vez más frecuentes. La historia de Laura, la niña de 12 años que murió tras un botellón en Madrid no es una historia aislada. Es una tragedia que está ahí y que preocupa a familias, administraciones, sanitarios y entidades que trabajan en los ámbitos de la prevención y [&hellip;]
