{"version":"1.0","provider_name":"Forum Salud Mental Girona","provider_url":"https:\/\/forummontau.com\/girona","author_name":"Forum Salud Mental Madrid","author_url":"https:\/\/forummontau.com\/girona\/author\/adiccionma\/","title":"Coaddici\u00f3; l'altra cara de l'addicci\u00f3 - Forum Salud Mental Girona","type":"rich","width":600,"height":338,"html":"<blockquote class=\"wp-embedded-content\" data-secret=\"3yQKbTVwF8\"><a href=\"https:\/\/forummontau.com\/girona\/coaddicio-laltra-cara-de-laddiccio\/\">Coaddici\u00f3; l&#8217;altra cara de l&#8217;addicci\u00f3<\/a><\/blockquote><iframe sandbox=\"allow-scripts\" security=\"restricted\" src=\"https:\/\/forummontau.com\/girona\/coaddicio-laltra-cara-de-laddiccio\/embed\/#?secret=3yQKbTVwF8\" width=\"600\" height=\"338\" title=\"\u00abCoaddici\u00f3; l&#8217;altra cara de l&#8217;addicci\u00f3\u00bb \u2014 Forum Salud Mental Girona\" data-secret=\"3yQKbTVwF8\" frameborder=\"0\" marginwidth=\"0\" marginheight=\"0\" scrolling=\"no\" class=\"wp-embedded-content\"><\/iframe><script>\n\/*! This file is auto-generated *\/\n!function(d,l){\"use strict\";l.querySelector&&d.addEventListener&&\"undefined\"!=typeof URL&&(d.wp=d.wp||{},d.wp.receiveEmbedMessage||(d.wp.receiveEmbedMessage=function(e){var t=e.data;if((t||t.secret||t.message||t.value)&&!\/[^a-zA-Z0-9]\/.test(t.secret)){for(var s,r,n,a=l.querySelectorAll('iframe[data-secret=\"'+t.secret+'\"]'),o=l.querySelectorAll('blockquote[data-secret=\"'+t.secret+'\"]'),c=new RegExp(\"^https?:$\",\"i\"),i=0;i<o.length;i++)o[i].style.display=\"none\";for(i=0;i<a.length;i++)s=a[i],e.source===s.contentWindow&&(s.removeAttribute(\"style\"),\"height\"===t.message?(1e3<(r=parseInt(t.value,10))?r=1e3:~~r<200&&(r=200),s.height=r):\"link\"===t.message&&(r=new URL(s.getAttribute(\"src\")),n=new URL(t.value),c.test(n.protocol))&&n.host===r.host&&l.activeElement===s&&(d.top.location.href=t.value))}},d.addEventListener(\"message\",d.wp.receiveEmbedMessage,!1),l.addEventListener(\"DOMContentLoaded\",function(){for(var e,t,s=l.querySelectorAll(\"iframe.wp-embedded-content\"),r=0;r<s.length;r++)(t=(e=s[r]).getAttribute(\"data-secret\"))||(t=Math.random().toString(36).substring(2,12),e.src+=\"#?secret=\"+t,e.setAttribute(\"data-secret\",t)),e.contentWindow.postMessage({message:\"ready\",secret:t},\"*\")},!1)))}(window,document);\n\/\/# sourceURL=https:\/\/forummontau.com\/girona\/wp-includes\/js\/wp-embed.min.js\n<\/script>\n","thumbnail_url":"https:\/\/forummontau.com\/girona\/wp-content\/uploads\/sites\/6\/2018\/04\/codependicia.jpg","thumbnail_width":"624","thumbnail_height":"414","description":"ltia de l\u2019addicci\u00f3 (alcoholisme i drogoaddicci\u00f3). La coadicci\u00f3 es comen\u00e7a a desenvolupar amb els primers indicis de consum del malalt addicte. Inicialment el coaddicte est\u00e0 en una etapa de negaci\u00f3 del consum, quan l\u2019individu presenta els primers contactes amb drogues, el familiar rebutja el que observa i ho minimitza. Despr\u00e9s v\u00e9nen els sofriments. Es produeix [&hellip;]"}

Coaddició; l'altra cara de l'addicció - Forum Salud Mental Girona

<blockquote class="wp-embedded-content" data-secret="3yQKbTVwF8"><a href="https://forummontau.com/girona/coaddicio-laltra-cara-de-laddiccio/">Coaddició; l&#8217;altra cara de l&#8217;addicció</a></blockquote><iframe sandbox="allow-scripts" security="restricted" src="https://forummontau.com/girona/coaddicio-laltra-cara-de-laddiccio/embed/#?secret=3yQKbTVwF8" width="600" height="338" title="«Coaddició; l&#8217;altra cara de l&#8217;addicció» — Forum Salud Mental Girona" data-secret="3yQKbTVwF8" frameborder="0" marginwidth="0" marginheight="0" scrolling="no" class="wp-embedded-content"></iframe><script>
/*! This file is auto-generated */
!function(d,l){"use strict";l.querySelector&&d.addEventListener&&"undefined"!=typeof URL&&(d.wp=d.wp||{},d.wp.receiveEmbedMessage||(d.wp.receiveEmbedMessage=function(e){var t=e.data;if((t||t.secret||t.message||t.value)&&!/[^a-zA-Z0-9]/.test(t.secret)){for(var s,r,n,a=l.querySelectorAll('iframe[data-secret="'+t.secret+'"]'),o=l.querySelectorAll('blockquote[data-secret="'+t.secret+'"]'),c=new RegExp("^https?:$","i"),i=0;i<o.length;i++)o[i].style.display="none";for(i=0;i<a.length;i++)s=a[i],e.source===s.contentWindow&&(s.removeAttribute("style"),"height"===t.message?(1e3<(r=parseInt(t.value,10))?r=1e3:~~r<200&&(r=200),s.height=r):"link"===t.message&&(r=new URL(s.getAttribute("src")),n=new URL(t.value),c.test(n.protocol))&&n.host===r.host&&l.activeElement===s&&(d.top.location.href=t.value))}},d.addEventListener("message",d.wp.receiveEmbedMessage,!1),l.addEventListener("DOMContentLoaded",function(){for(var e,t,s=l.querySelectorAll("iframe.wp-embedded-content"),r=0;r<s.length;r++)(t=(e=s[r]).getAttribute("data-secret"))||(t=Math.random().toString(36).substring(2,12),e.src+="#?secret="+t,e.setAttribute("data-secret",t)),e.contentWindow.postMessage({message:"ready",secret:t},"*")},!1)))}(window,document);
//# sourceURL=https://forummontau.com/girona/wp-includes/js/wp-embed.min.js
</script>

ltia de l’addicció (alcoholisme i drogoaddicció). La coadicció es comença a desenvolupar amb els primers indicis de consum del malalt addicte. Inicialment el coaddicte està en una etapa de negació del consum, quan l’individu presenta els primers contactes amb drogues, el familiar rebutja el que observa i ho minimitza. Després vénen els sofriments. Es produeix [&hellip;]
