{"version":"1.0","provider_name":"Forum Girona","provider_url":"https:\/\/forummontau.com\/girona","author_name":"Forum Salud Mental Madrid","author_url":"https:\/\/forummontau.com\/girona\/author\/adiccionma\/","title":"Educar para prevenir - Forum Girona","type":"rich","width":600,"height":338,"html":"<blockquote class=\"wp-embedded-content\" data-secret=\"oUUDuHesbT\"><a href=\"https:\/\/forummontau.com\/girona\/educar-para-prevenir\/\">Educar para prevenir<\/a><\/blockquote><iframe sandbox=\"allow-scripts\" security=\"restricted\" src=\"https:\/\/forummontau.com\/girona\/educar-para-prevenir\/embed\/#?secret=oUUDuHesbT\" width=\"600\" height=\"338\" title=\"\u00abEducar para prevenir\u00bb \u2014 Forum Girona\" data-secret=\"oUUDuHesbT\" frameborder=\"0\" marginwidth=\"0\" marginheight=\"0\" scrolling=\"no\" class=\"wp-embedded-content\"><\/iframe><script>\n\/*! This file is auto-generated *\/\n!function(d,l){\"use strict\";l.querySelector&&d.addEventListener&&\"undefined\"!=typeof URL&&(d.wp=d.wp||{},d.wp.receiveEmbedMessage||(d.wp.receiveEmbedMessage=function(e){var t=e.data;if((t||t.secret||t.message||t.value)&&!\/[^a-zA-Z0-9]\/.test(t.secret)){for(var s,r,n,a=l.querySelectorAll('iframe[data-secret=\"'+t.secret+'\"]'),o=l.querySelectorAll('blockquote[data-secret=\"'+t.secret+'\"]'),c=new RegExp(\"^https?:$\",\"i\"),i=0;i<o.length;i++)o[i].style.display=\"none\";for(i=0;i<a.length;i++)s=a[i],e.source===s.contentWindow&&(s.removeAttribute(\"style\"),\"height\"===t.message?(1e3<(r=parseInt(t.value,10))?r=1e3:~~r<200&&(r=200),s.height=r):\"link\"===t.message&&(r=new URL(s.getAttribute(\"src\")),n=new URL(t.value),c.test(n.protocol))&&n.host===r.host&&l.activeElement===s&&(d.top.location.href=t.value))}},d.addEventListener(\"message\",d.wp.receiveEmbedMessage,!1),l.addEventListener(\"DOMContentLoaded\",function(){for(var e,t,s=l.querySelectorAll(\"iframe.wp-embedded-content\"),r=0;r<s.length;r++)(t=(e=s[r]).getAttribute(\"data-secret\"))||(t=Math.random().toString(36).substring(2,12),e.src+=\"#?secret=\"+t,e.setAttribute(\"data-secret\",t)),e.contentWindow.postMessage({message:\"ready\",secret:t},\"*\")},!1)))}(window,document);\n\/\/# sourceURL=https:\/\/forummontau.com\/girona\/wp-includes\/js\/wp-embed.min.js\n<\/script>\n","thumbnail_url":"https:\/\/forummontau.com\/girona\/wp-content\/uploads\/sites\/6\/2018\/03\/educar.jpg","thumbnail_width":"900","thumbnail_height":"637","description":"Las intoxicaciones et\u00edlicas en menores son cada vez m\u00e1s frecuentes. Aunque los \u00faltimos estudios indican que el inicio en el consumo del alcohol se ha retrasado en el \u00faltimo a\u00f1o, no podemos bajar la guardia y debemos seguir trabajando en la educaci\u00f3n y la formaci\u00f3n de nuestros adolescentes. Porque la moda del atrac\u00f3n junto con [&hellip;]"}

Las intoxicaciones etílicas en menores son cada vez más frecuentes. Aunque los últimos estudios indican que el inicio en el consumo del alcohol se ha retrasado en el último año, no podemos bajar la guardia y debemos seguir trabajando en la educación y la formación de nuestros adolescentes. Porque la moda del atracón junto con [&hellip;]
