{"id":3649,"date":"2023-06-27T15:13:26","date_gmt":"2023-06-27T15:13:26","guid":{"rendered":"https:\/\/www.adiccionesmurcia.com\/?page_id=1727"},"modified":"2023-06-27T15:13:26","modified_gmt":"2023-06-27T15:13:26","slug":"trastorno-del-sueno","status":"publish","type":"page","link":"https:\/\/forummontau.com\/granada\/trastorno-del-sueno\/","title":{"rendered":"Trastorno del sue\u00f1o"},"content":{"rendered":"\t\t<div data-elementor-type=\"wp-page\" data-elementor-id=\"3649\" class=\"elementor elementor-3649\" data-elementor-post-type=\"page\">\n\t\t\t\t\t\t<section class=\"elementor-section elementor-top-section elementor-element elementor-element-7e5181f3 elementor-section-content-middle elementor-section-full_width elementor-section-items-stretch elementor-section-height-min-height elementor-section-height-default qodef-elementor-content-no elementor-invisible\" data-id=\"7e5181f3\" data-element_type=\"section\" data-e-type=\"section\" data-settings=\"{&quot;background_background&quot;:&quot;classic&quot;,&quot;animation&quot;:&quot;fadeInUp&quot;}\">\n\t\t\t\t\t\t<div class=\"elementor-container elementor-column-gap-default\">\n\t\t\t\t\t<div class=\"elementor-column elementor-col-50 elementor-top-column elementor-element elementor-element-17033915\" data-id=\"17033915\" data-element_type=\"column\" data-e-type=\"column\" data-settings=\"{&quot;background_background&quot;:&quot;classic&quot;}\">\n\t\t\t<div class=\"elementor-widget-wrap elementor-element-populated\">\n\t\t\t\t\t\t<div class=\"elementor-element elementor-element-6dc3e5e2 elementor-widget elementor-widget-heading\" data-id=\"6dc3e5e2\" data-element_type=\"widget\" data-e-type=\"widget\" data-widget_type=\"heading.default\">\n\t\t\t\t<div class=\"elementor-widget-container\">\n\t\t\t\t\t<h1 class=\"elementor-heading-title elementor-size-default\">Especialistas en Trastono del sue\u00f1o en Murcia<\/h1>\t\t\t\t<\/div>\n\t\t\t\t<\/div>\n\t\t\t\t<div class=\"elementor-element elementor-element-7f6daa57 elementor-widget elementor-widget-heading\" data-id=\"7f6daa57\" data-element_type=\"widget\" data-e-type=\"widget\" data-widget_type=\"heading.default\">\n\t\t\t\t<div class=\"elementor-widget-container\">\n\t\t\t\t\t<p class=\"elementor-heading-title elementor-size-default\">Cuando esta alteraci\u00f3n empieza a perpetuarse noche tras noche es necesario consultar con un profesional.<\/p>\t\t\t\t<\/div>\n\t\t\t\t<\/div>\n\t\t\t\t<div class=\"elementor-element elementor-element-24c9b044 elementor-widget elementor-widget-heading\" data-id=\"24c9b044\" data-element_type=\"widget\" data-e-type=\"widget\" data-widget_type=\"heading.default\">\n\t\t\t\t<div class=\"elementor-widget-container\">\n\t\t\t\t\t<p class=\"elementor-heading-title elementor-size-default\">Ll\u00e1manos, podemos ayudarte<\/p>\t\t\t\t<\/div>\n\t\t\t\t<\/div>\n\t\t\t\t<div class=\"elementor-element elementor-element-769e2cce elementor-widget elementor-widget-heading\" data-id=\"769e2cce\" data-element_type=\"widget\" data-e-type=\"widget\" data-widget_type=\"heading.default\">\n\t\t\t\t<div class=\"elementor-widget-container\">\n\t\t\t\t\t<p class=\"elementor-heading-title elementor-size-default\"> 671 67 77 00<\/p>\t\t\t\t<\/div>\n\t\t\t\t<\/div>\n\t\t\t\t\t<\/div>\n\t\t<\/div>\n\t\t\t\t<div class=\"elementor-column elementor-col-50 elementor-top-column elementor-element elementor-element-6df8be3e\" data-id=\"6df8be3e\" data-element_type=\"column\" data-e-type=\"column\" data-settings=\"{&quot;background_background&quot;:&quot;classic&quot;}\">\n\t\t\t<div class=\"elementor-widget-wrap elementor-element-populated\">\n\t\t\t\t\t\t<div class=\"elementor-element elementor-element-7b4d0a8e elementor-widget elementor-widget-spacer\" data-id=\"7b4d0a8e\" data-element_type=\"widget\" data-e-type=\"widget\" data-widget_type=\"spacer.default\">\n\t\t\t\t<div class=\"elementor-widget-container\">\n\t\t\t\t\t\t\t<div class=\"elementor-spacer\">\n\t\t\t<div class=\"elementor-spacer-inner\"><\/div>\n\t\t<\/div>\n\t\t\t\t\t\t<\/div>\n\t\t\t\t<\/div>\n\t\t\t\t\t<\/div>\n\t\t<\/div>\n\t\t\t\t\t<\/div>\n\t\t<\/section>\n\t\t\t\t<section class=\"elementor-section elementor-top-section elementor-element elementor-element-7f081a08 elementor-section-full_width elementor-section-content-middle elementor-section-height-default elementor-section-height-default qodef-elementor-content-no elementor-invisible\" data-id=\"7f081a08\" data-element_type=\"section\" data-e-type=\"section\" data-settings=\"{&quot;animation&quot;:&quot;fadeInUp&quot;}\">\n\t\t\t\t\t\t<div class=\"elementor-container elementor-column-gap-default\">\n\t\t\t\t\t<div class=\"elementor-column elementor-col-100 elementor-top-column elementor-element elementor-element-bc09cf6\" data-id=\"bc09cf6\" data-element_type=\"column\" data-e-type=\"column\">\n\t\t\t<div class=\"elementor-widget-wrap elementor-element-populated\">\n\t\t\t\t\t\t<div class=\"elementor-element elementor-element-3750045 elementor-widget elementor-widget-heading\" data-id=\"3750045\" data-element_type=\"widget\" data-e-type=\"widget\" data-widget_type=\"heading.default\">\n\t\t\t\t<div class=\"elementor-widget-container\">\n\t\t\t\t\t<h2 class=\"elementor-heading-title elementor-size-default\">Transtorno del Sue\u00f1o<\/h2>\t\t\t\t<\/div>\n\t\t\t\t<\/div>\n\t\t\t\t<div class=\"elementor-element elementor-element-727c69f elementor-widget elementor-widget-spacer\" data-id=\"727c69f\" data-element_type=\"widget\" data-e-type=\"widget\" data-widget_type=\"spacer.default\">\n\t\t\t\t<div class=\"elementor-widget-container\">\n\t\t\t\t\t\t\t<div class=\"elementor-spacer\">\n\t\t\t<div class=\"elementor-spacer-inner\"><\/div>\n\t\t<\/div>\n\t\t\t\t\t\t<\/div>\n\t\t\t\t<\/div>\n\t\t\t\t<div class=\"elementor-element elementor-element-51884f2 elementor-widget elementor-widget-text-editor\" data-id=\"51884f2\" data-element_type=\"widget\" data-e-type=\"widget\" data-widget_type=\"text-editor.default\">\n\t\t\t\t<div class=\"elementor-widget-container\">\n\t\t\t\t\t\t\t\t\tLa alteraci\u00f3n del sue\u00f1o es uno de los problemas con el que todos hemos podido encontrarnos alguna vez. Cuando esta alteraci\u00f3n empieza a perpetuarse noche tras noche es necesario consultar con un profesional, de lo contrario el problema podr\u00eda acabar convirti\u00e9ndose en un trastorno del sue\u00f1o. Los individuos con problemas de sue\u00f1o presentan una serie de signos y s\u00edntomas que con el tratamiento adecuado pueden ser solventados y evitar que se cronifiquen.\t\t\t\t\t\t\t\t<\/div>\n\t\t\t\t<\/div>\n\t\t\t\t<div class=\"elementor-element elementor-element-6917194c elementor-widget elementor-widget-spacer\" data-id=\"6917194c\" data-element_type=\"widget\" data-e-type=\"widget\" data-widget_type=\"spacer.default\">\n\t\t\t\t<div class=\"elementor-widget-container\">\n\t\t\t\t\t\t\t<div class=\"elementor-spacer\">\n\t\t\t<div class=\"elementor-spacer-inner\"><\/div>\n\t\t<\/div>\n\t\t\t\t\t\t<\/div>\n\t\t\t\t<\/div>\n\t\t\t\t\t<\/div>\n\t\t<\/div>\n\t\t\t\t\t<\/div>\n\t\t<\/section>\n\t\t\t\t<section class=\"elementor-section elementor-top-section elementor-element elementor-element-25c249c2 elementor-section-full_width elementor-section-content-middle elementor-section-height-default elementor-section-height-default qodef-elementor-content-no\" data-id=\"25c249c2\" data-element_type=\"section\" data-e-type=\"section\">\n\t\t\t\t\t\t<div class=\"elementor-container elementor-column-gap-narrow\">\n\t\t\t\t\t<div class=\"elementor-column elementor-col-50 elementor-top-column elementor-element elementor-element-64523387 elementor-invisible\" data-id=\"64523387\" data-element_type=\"column\" data-e-type=\"column\" data-settings=\"{&quot;animation&quot;:&quot;fadeInLeft&quot;}\">\n\t\t\t<div class=\"elementor-widget-wrap elementor-element-populated\">\n\t\t\t\t\t\t<div class=\"elementor-element elementor-element-5a8cca0d elementor-widget elementor-widget-image\" data-id=\"5a8cca0d\" data-element_type=\"widget\" data-e-type=\"widget\" data-widget_type=\"image.default\">\n\t\t\t\t<div class=\"elementor-widget-container\">\n\t\t\t\t\t\t\t\t\t\t\t\t\t\t\t<img decoding=\"async\" src=\"https:\/\/www.adiccionesmurcia.com\/wp-content\/uploads\/sites\/9\/2023\/06\/insominio.png\" title=\"\" alt=\"\" loading=\"lazy\" \/>\t\t\t\t\t\t\t\t\t\t\t\t\t\t\t<\/div>\n\t\t\t\t<\/div>\n\t\t\t\t\t<\/div>\n\t\t<\/div>\n\t\t\t\t<div class=\"elementor-column elementor-col-50 elementor-top-column elementor-element elementor-element-6338e9e2 elementor-invisible\" data-id=\"6338e9e2\" data-element_type=\"column\" data-e-type=\"column\" data-settings=\"{&quot;animation&quot;:&quot;fadeInRight&quot;}\">\n\t\t\t<div class=\"elementor-widget-wrap elementor-element-populated\">\n\t\t\t\t\t\t<div class=\"elementor-element elementor-element-5608abfb elementor-widget elementor-widget-heading\" data-id=\"5608abfb\" data-element_type=\"widget\" data-e-type=\"widget\" data-widget_type=\"heading.default\">\n\t\t\t\t<div class=\"elementor-widget-container\">\n\t\t\t\t\t<h2 class=\"elementor-heading-title elementor-size-default\">Entrenamiento emocional<\/h2>\t\t\t\t<\/div>\n\t\t\t\t<\/div>\n\t\t\t\t<div class=\"elementor-element elementor-element-5a13dd29 elementor-widget elementor-widget-text-editor\" data-id=\"5a13dd29\" data-element_type=\"widget\" data-e-type=\"widget\" data-widget_type=\"text-editor.default\">\n\t\t\t\t<div class=\"elementor-widget-container\">\n\t\t\t\t\t\t\t\t\tEn los trastornos del sue\u00f1o, se observa una elevada activaci\u00f3n fisiol\u00f3gica y tensi\u00f3n muscular, que son incompatibles con el sue\u00f1o. Esta activaci\u00f3n va aumentando a lo largo del d\u00eda porque la persona no tiene las herramientas adecuadas para gestionarlas o eliminarlas. Un adecuado entrenamiento en relajaci\u00f3n progresiva y entrenamiento aut\u00f3geno ayudar\u00e1n a gestionar este tipo de tensiones diarias. Es adecuando un buen entrenamiento emocional para manejar estas tensiones diarias ademas de identificar y modificar ciertos rasgos de personalidad que pueden predisponer a la persona a desarrollar alg\u00fan tipo de trastorno del sue\u00f1o.\n\t\t\t\t\t\t\t\t<\/div>\n\t\t\t\t<\/div>\n\t\t\t\t\t<\/div>\n\t\t<\/div>\n\t\t\t\t\t<\/div>\n\t\t<\/section>\n\t\t\t\t<section class=\"elementor-section elementor-top-section elementor-element elementor-element-13fafc50 elementor-section-full_width elementor-section-content-middle elementor-section-height-default elementor-section-height-default qodef-elementor-content-no\" data-id=\"13fafc50\" data-element_type=\"section\" data-e-type=\"section\" data-settings=\"{&quot;animation&quot;:&quot;none&quot;}\">\n\t\t\t\t\t\t<div class=\"elementor-container elementor-column-gap-narrow\">\n\t\t\t\t\t<div class=\"elementor-column elementor-col-50 elementor-top-column elementor-element elementor-element-7cc65bd3 elementor-invisible\" data-id=\"7cc65bd3\" data-element_type=\"column\" data-e-type=\"column\" data-settings=\"{&quot;animation&quot;:&quot;fadeInRight&quot;}\">\n\t\t\t<div class=\"elementor-widget-wrap elementor-element-populated\">\n\t\t\t\t\t\t<div class=\"elementor-element elementor-element-2c24a1c7 elementor-widget elementor-widget-heading\" data-id=\"2c24a1c7\" data-element_type=\"widget\" data-e-type=\"widget\" data-widget_type=\"heading.default\">\n\t\t\t\t<div class=\"elementor-widget-container\">\n\t\t\t\t\t<h2 class=\"elementor-heading-title elementor-size-default\">Tipos de trastornos<\/h2>\t\t\t\t<\/div>\n\t\t\t\t<\/div>\n\t\t\t\t<div class=\"elementor-element elementor-element-6230a5d6 elementor-widget elementor-widget-text-editor\" data-id=\"6230a5d6\" data-element_type=\"widget\" data-e-type=\"widget\" data-widget_type=\"text-editor.default\">\n\t\t\t\t<div class=\"elementor-widget-container\">\n\t\t\t\t\t\t\t\t\t<p><strong>Disomnias<\/strong>:<\/p><ul><li>Insomnio primario<\/li><li>Hipersomnia primaria<\/li><li>Narcolepsia<\/li><li>Trastorno del sue\u00f1o relacionado con la respiraci\u00f3n<\/li><li>Trastorno del ritmo circadiano<\/li><\/ul><p><strong>Parasomnias:<\/strong><\/p><ul><li>Pesadillas<\/li><li>Terrores nocturnos<\/li><li>Sonambulismo<\/li><\/ul>\t\t\t\t\t\t\t\t<\/div>\n\t\t\t\t<\/div>\n\t\t\t\t\t<\/div>\n\t\t<\/div>\n\t\t\t\t<div class=\"elementor-column elementor-col-50 elementor-top-column elementor-element elementor-element-133868a3\" data-id=\"133868a3\" data-element_type=\"column\" data-e-type=\"column\">\n\t\t\t<div class=\"elementor-widget-wrap elementor-element-populated\">\n\t\t\t\t\t\t<div class=\"elementor-element elementor-element-3c6d1448 elementor-invisible elementor-widget elementor-widget-image\" data-id=\"3c6d1448\" data-element_type=\"widget\" data-e-type=\"widget\" data-settings=\"{&quot;_animation&quot;:&quot;fadeInLeft&quot;}\" data-widget_type=\"image.default\">\n\t\t\t\t<div class=\"elementor-widget-container\">\n\t\t\t\t\t\t\t\t\t\t\t\t\t\t\t<img decoding=\"async\" src=\"https:\/\/www.adiccionesmurcia.com\/wp-content\/uploads\/sites\/9\/2023\/06\/trastorno.png\" title=\"\" alt=\"\" loading=\"lazy\" \/>\t\t\t\t\t\t\t\t\t\t\t\t\t\t\t<\/div>\n\t\t\t\t<\/div>\n\t\t\t\t\t<\/div>\n\t\t<\/div>\n\t\t\t\t\t<\/div>\n\t\t<\/section>\n\t\t\t\t<\/div>\n\t\t","protected":false},"excerpt":{"rendered":"<p>Especialistas en Trastono del sue\u00f1o en Murcia Cuando esta alteraci\u00f3n empieza a perpetuarse noche tras noche es necesario consultar con un profesional. Ll\u00e1manos, podemos ayudarte 671 67 77 00 Transtorno del Sue\u00f1o La alteraci\u00f3n del sue\u00f1o es uno de los problemas con el que todos hemos podido encontrarnos alguna vez. Cuando esta alteraci\u00f3n empieza a [&hellip;]<\/p>\n","protected":false},"author":2,"featured_media":0,"parent":0,"menu_order":0,"comment_status":"closed","ping_status":"closed","template":"","meta":{"ocean_post_layout":"full-screen","ocean_both_sidebars_style":"","ocean_both_sidebars_content_width":0,"ocean_both_sidebars_sidebars_width":0,"ocean_sidebar":"0","ocean_second_sidebar":"0","ocean_disable_margins":"enable","ocean_add_body_class":"","ocean_shortcode_before_top_bar":"","ocean_shortcode_after_top_bar":"","ocean_shortcode_before_header":"","ocean_shortcode_after_header":"","ocean_has_shortcode":"","ocean_shortcode_after_title":"","ocean_shortcode_before_footer_widgets":"","ocean_shortcode_after_footer_widgets":"","ocean_shortcode_before_footer_bottom":"","ocean_shortcode_after_footer_bottom":"","ocean_display_top_bar":"default","ocean_display_header":"default","ocean_header_style":"","ocean_center_header_left_menu":"0","ocean_custom_header_template":"0","ocean_custom_logo":0,"ocean_custom_retina_logo":0,"ocean_custom_logo_max_width":0,"ocean_custom_logo_tablet_max_width":0,"ocean_custom_logo_mobile_max_width":0,"ocean_custom_logo_max_height":0,"ocean_custom_logo_tablet_max_height":0,"ocean_custom_logo_mobile_max_height":0,"ocean_header_custom_menu":"0","ocean_menu_typo_font_family":"0","ocean_menu_typo_font_subset":"","ocean_menu_typo_font_size":0,"ocean_menu_typo_font_size_tablet":0,"ocean_menu_typo_font_size_mobile":0,"ocean_menu_typo_font_size_unit":"px","ocean_menu_typo_font_weight":"","ocean_menu_typo_font_weight_tablet":"","ocean_menu_typo_font_weight_mobile":"","ocean_menu_typo_transform":"","ocean_menu_typo_transform_tablet":"","ocean_menu_typo_transform_mobile":"","ocean_menu_typo_line_height":0,"ocean_menu_typo_line_height_tablet":0,"ocean_menu_typo_line_height_mobile":0,"ocean_menu_typo_line_height_unit":"","ocean_menu_typo_spacing":0,"ocean_menu_typo_spacing_tablet":0,"ocean_menu_typo_spacing_mobile":0,"ocean_menu_typo_spacing_unit":"","ocean_menu_link_color":"","ocean_menu_link_color_hover":"","ocean_menu_link_color_active":"","ocean_menu_link_background":"","ocean_menu_link_hover_background":"","ocean_menu_link_active_background":"","ocean_menu_social_links_bg":"","ocean_menu_social_hover_links_bg":"","ocean_menu_social_links_color":"","ocean_menu_social_hover_links_color":"","ocean_disable_title":"on","ocean_disable_heading":"default","ocean_post_title":"","ocean_post_subheading":"","ocean_post_title_style":"","ocean_post_title_background_color":"","ocean_post_title_background":0,"ocean_post_title_bg_image_position":"","ocean_post_title_bg_image_attachment":"","ocean_post_title_bg_image_repeat":"","ocean_post_title_bg_image_size":"","ocean_post_title_height":0,"ocean_post_title_bg_overlay":0.5,"ocean_post_title_bg_overlay_color":"","ocean_disable_breadcrumbs":"default","ocean_breadcrumbs_color":"","ocean_breadcrumbs_separator_color":"","ocean_breadcrumbs_links_color":"","ocean_breadcrumbs_links_hover_color":"","ocean_display_footer_widgets":"default","ocean_display_footer_bottom":"default","ocean_custom_footer_template":"0","footnotes":""},"class_list":["post-3649","page","type-page","status-publish","hentry","entry"],"yoast_head":"<!-- This site is optimized with the Yoast SEO plugin v27.3 - https:\/\/yoast.com\/product\/yoast-seo-wordpress\/ -->\n<title>Trastorno del sue\u00f1o - Forum Salud Mental Granada<\/title>\n<meta name=\"description\" content=\"Consulta con un profesional para abordar los problemas de sue\u00f1o antes de que se conviertan en trastornos cr\u00f3nicos.\" \/>\n<meta name=\"robots\" content=\"index, follow, max-snippet:-1, max-image-preview:large, max-video-preview:-1\" \/>\n<link rel=\"canonical\" href=\"https:\/\/forummontau.com\/granada\/trastorno-del-sueno\/\" \/>\n<meta property=\"og:locale\" content=\"es_ES\" \/>\n<meta property=\"og:type\" content=\"article\" \/>\n<meta property=\"og:title\" content=\"Trastorno del sue\u00f1o - Forum Salud Mental Granada\" \/>\n<meta property=\"og:description\" content=\"Consulta con un profesional para abordar los problemas de sue\u00f1o antes de que se conviertan en trastornos cr\u00f3nicos.\" \/>\n<meta property=\"og:url\" content=\"https:\/\/forummontau.com\/granada\/trastorno-del-sueno\/\" \/>\n<meta property=\"og:site_name\" content=\"Forum Salud Mental Granada\" \/>\n<meta property=\"og:image\" content=\"http:\/\/www.adiccionesmurcia.com\/wp-content\/uploads\/sites\/9\/2023\/06\/insominio.png\" \/>\n<meta name=\"twitter:card\" content=\"summary_large_image\" \/>\n<meta name=\"twitter:label1\" content=\"Tiempo de lectura\" \/>\n\t<meta name=\"twitter:data1\" content=\"2 minutos\" \/>\n<script type=\"application\/ld+json\" class=\"yoast-schema-graph\">{\"@context\":\"https:\\\/\\\/schema.org\",\"@graph\":[{\"@type\":\"WebPage\",\"@id\":\"https:\\\/\\\/forummontau.com\\\/granada\\\/trastorno-del-sueno\\\/\",\"url\":\"https:\\\/\\\/forummontau.com\\\/granada\\\/trastorno-del-sueno\\\/\",\"name\":\"Trastorno del sue\u00f1o - Forum Salud Mental Granada\",\"isPartOf\":{\"@id\":\"https:\\\/\\\/forummontau.com\\\/granada\\\/#website\"},\"primaryImageOfPage\":{\"@id\":\"https:\\\/\\\/forummontau.com\\\/granada\\\/trastorno-del-sueno\\\/#primaryimage\"},\"image\":{\"@id\":\"https:\\\/\\\/forummontau.com\\\/granada\\\/trastorno-del-sueno\\\/#primaryimage\"},\"thumbnailUrl\":\"http:\\\/\\\/www.adiccionesmurcia.com\\\/wp-content\\\/uploads\\\/sites\\\/9\\\/2023\\\/06\\\/insominio.png\",\"datePublished\":\"2023-06-27T15:13:26+00:00\",\"description\":\"Consulta con un profesional para abordar los problemas de sue\u00f1o antes de que se conviertan en trastornos cr\u00f3nicos.\",\"breadcrumb\":{\"@id\":\"https:\\\/\\\/forummontau.com\\\/granada\\\/trastorno-del-sueno\\\/#breadcrumb\"},\"inLanguage\":\"es\",\"potentialAction\":[{\"@type\":\"ReadAction\",\"target\":[\"https:\\\/\\\/forummontau.com\\\/granada\\\/trastorno-del-sueno\\\/\"]}]},{\"@type\":\"ImageObject\",\"inLanguage\":\"es\",\"@id\":\"https:\\\/\\\/forummontau.com\\\/granada\\\/trastorno-del-sueno\\\/#primaryimage\",\"url\":\"http:\\\/\\\/www.adiccionesmurcia.com\\\/wp-content\\\/uploads\\\/sites\\\/9\\\/2023\\\/06\\\/insominio.png\",\"contentUrl\":\"http:\\\/\\\/www.adiccionesmurcia.com\\\/wp-content\\\/uploads\\\/sites\\\/9\\\/2023\\\/06\\\/insominio.png\"},{\"@type\":\"BreadcrumbList\",\"@id\":\"https:\\\/\\\/forummontau.com\\\/granada\\\/trastorno-del-sueno\\\/#breadcrumb\",\"itemListElement\":[{\"@type\":\"ListItem\",\"position\":1,\"name\":\"Portada\",\"item\":\"https:\\\/\\\/forummontau.com\\\/granada\\\/\"},{\"@type\":\"ListItem\",\"position\":2,\"name\":\"Trastorno del sue\u00f1o\"}]},{\"@type\":\"WebSite\",\"@id\":\"https:\\\/\\\/forummontau.com\\\/granada\\\/#website\",\"url\":\"https:\\\/\\\/forummontau.com\\\/granada\\\/\",\"name\":\"Forum Salud Mental Granada\",\"description\":\"Centro Especializado en adicciones en Granada\",\"publisher\":{\"@id\":\"https:\\\/\\\/forummontau.com\\\/granada\\\/#organization\"},\"potentialAction\":[{\"@type\":\"SearchAction\",\"target\":{\"@type\":\"EntryPoint\",\"urlTemplate\":\"https:\\\/\\\/forummontau.com\\\/granada\\\/?s={search_term_string}\"},\"query-input\":{\"@type\":\"PropertyValueSpecification\",\"valueRequired\":true,\"valueName\":\"search_term_string\"}}],\"inLanguage\":\"es\"},{\"@type\":\"Organization\",\"@id\":\"https:\\\/\\\/forummontau.com\\\/granada\\\/#organization\",\"name\":\"Forum Salud Mental Granada\",\"url\":\"https:\\\/\\\/forummontau.com\\\/granada\\\/\",\"logo\":{\"@type\":\"ImageObject\",\"inLanguage\":\"es\",\"@id\":\"https:\\\/\\\/forummontau.com\\\/granada\\\/#\\\/schema\\\/logo\\\/image\\\/\",\"url\":\"https:\\\/\\\/forummontau.com\\\/granada\\\/wp-content\\\/uploads\\\/sites\\\/9\\\/2020\\\/02\\\/logo-forum-granada-2.png\",\"contentUrl\":\"https:\\\/\\\/forummontau.com\\\/granada\\\/wp-content\\\/uploads\\\/sites\\\/9\\\/2020\\\/02\\\/logo-forum-granada-2.png\",\"width\":175,\"height\":96,\"caption\":\"Forum Salud Mental Granada\"},\"image\":{\"@id\":\"https:\\\/\\\/forummontau.com\\\/granada\\\/#\\\/schema\\\/logo\\\/image\\\/\"}}]}<\/script>\n<!-- \/ Yoast SEO plugin. -->","yoast_head_json":{"title":"Trastorno del sue\u00f1o - Forum Salud Mental Granada","description":"Consulta con un profesional para abordar los problemas de sue\u00f1o antes de que se conviertan en trastornos cr\u00f3nicos.","robots":{"index":"index","follow":"follow","max-snippet":"max-snippet:-1","max-image-preview":"max-image-preview:large","max-video-preview":"max-video-preview:-1"},"canonical":"https:\/\/forummontau.com\/granada\/trastorno-del-sueno\/","og_locale":"es_ES","og_type":"article","og_title":"Trastorno del sue\u00f1o - Forum Salud Mental Granada","og_description":"Consulta con un profesional para abordar los problemas de sue\u00f1o antes de que se conviertan en trastornos cr\u00f3nicos.","og_url":"https:\/\/forummontau.com\/granada\/trastorno-del-sueno\/","og_site_name":"Forum Salud Mental Granada","og_image":[{"url":"http:\/\/www.adiccionesmurcia.com\/wp-content\/uploads\/sites\/9\/2023\/06\/insominio.png","type":"","width":"","height":""}],"twitter_card":"summary_large_image","twitter_misc":{"Tiempo de lectura":"2 minutos"},"schema":{"@context":"https:\/\/schema.org","@graph":[{"@type":"WebPage","@id":"https:\/\/forummontau.com\/granada\/trastorno-del-sueno\/","url":"https:\/\/forummontau.com\/granada\/trastorno-del-sueno\/","name":"Trastorno del sue\u00f1o - Forum Salud Mental Granada","isPartOf":{"@id":"https:\/\/forummontau.com\/granada\/#website"},"primaryImageOfPage":{"@id":"https:\/\/forummontau.com\/granada\/trastorno-del-sueno\/#primaryimage"},"image":{"@id":"https:\/\/forummontau.com\/granada\/trastorno-del-sueno\/#primaryimage"},"thumbnailUrl":"http:\/\/www.adiccionesmurcia.com\/wp-content\/uploads\/sites\/9\/2023\/06\/insominio.png","datePublished":"2023-06-27T15:13:26+00:00","description":"Consulta con un profesional para abordar los problemas de sue\u00f1o antes de que se conviertan en trastornos cr\u00f3nicos.","breadcrumb":{"@id":"https:\/\/forummontau.com\/granada\/trastorno-del-sueno\/#breadcrumb"},"inLanguage":"es","potentialAction":[{"@type":"ReadAction","target":["https:\/\/forummontau.com\/granada\/trastorno-del-sueno\/"]}]},{"@type":"ImageObject","inLanguage":"es","@id":"https:\/\/forummontau.com\/granada\/trastorno-del-sueno\/#primaryimage","url":"http:\/\/www.adiccionesmurcia.com\/wp-content\/uploads\/sites\/9\/2023\/06\/insominio.png","contentUrl":"http:\/\/www.adiccionesmurcia.com\/wp-content\/uploads\/sites\/9\/2023\/06\/insominio.png"},{"@type":"BreadcrumbList","@id":"https:\/\/forummontau.com\/granada\/trastorno-del-sueno\/#breadcrumb","itemListElement":[{"@type":"ListItem","position":1,"name":"Portada","item":"https:\/\/forummontau.com\/granada\/"},{"@type":"ListItem","position":2,"name":"Trastorno del sue\u00f1o"}]},{"@type":"WebSite","@id":"https:\/\/forummontau.com\/granada\/#website","url":"https:\/\/forummontau.com\/granada\/","name":"Forum Salud Mental Granada","description":"Centro Especializado en adicciones en Granada","publisher":{"@id":"https:\/\/forummontau.com\/granada\/#organization"},"potentialAction":[{"@type":"SearchAction","target":{"@type":"EntryPoint","urlTemplate":"https:\/\/forummontau.com\/granada\/?s={search_term_string}"},"query-input":{"@type":"PropertyValueSpecification","valueRequired":true,"valueName":"search_term_string"}}],"inLanguage":"es"},{"@type":"Organization","@id":"https:\/\/forummontau.com\/granada\/#organization","name":"Forum Salud Mental Granada","url":"https:\/\/forummontau.com\/granada\/","logo":{"@type":"ImageObject","inLanguage":"es","@id":"https:\/\/forummontau.com\/granada\/#\/schema\/logo\/image\/","url":"https:\/\/forummontau.com\/granada\/wp-content\/uploads\/sites\/9\/2020\/02\/logo-forum-granada-2.png","contentUrl":"https:\/\/forummontau.com\/granada\/wp-content\/uploads\/sites\/9\/2020\/02\/logo-forum-granada-2.png","width":175,"height":96,"caption":"Forum Salud Mental Granada"},"image":{"@id":"https:\/\/forummontau.com\/granada\/#\/schema\/logo\/image\/"}}]}},"_links":{"self":[{"href":"https:\/\/forummontau.com\/granada\/wp-json\/wp\/v2\/pages\/3649","targetHints":{"allow":["GET"]}}],"collection":[{"href":"https:\/\/forummontau.com\/granada\/wp-json\/wp\/v2\/pages"}],"about":[{"href":"https:\/\/forummontau.com\/granada\/wp-json\/wp\/v2\/types\/page"}],"author":[{"embeddable":true,"href":"https:\/\/forummontau.com\/granada\/wp-json\/wp\/v2\/users\/2"}],"replies":[{"embeddable":true,"href":"https:\/\/forummontau.com\/granada\/wp-json\/wp\/v2\/comments?post=3649"}],"version-history":[{"count":0,"href":"https:\/\/forummontau.com\/granada\/wp-json\/wp\/v2\/pages\/3649\/revisions"}],"wp:attachment":[{"href":"https:\/\/forummontau.com\/granada\/wp-json\/wp\/v2\/media?parent=3649"}],"curies":[{"name":"wp","href":"https:\/\/api.w.org\/{rel}","templated":true}]}}