{"id":8,"date":"2026-04-01T13:16:37","date_gmt":"2026-04-01T11:16:37","guid":{"rendered":"https:\/\/forummontau.com\/mataro\/?page_id=8"},"modified":"2026-04-01T13:33:59","modified_gmt":"2026-04-01T11:33:59","slug":"proxima-apertura","status":"publish","type":"page","link":"https:\/\/forummontau.com\/mataro\/","title":{"rendered":"Pr\u00f3xima apertura"},"content":{"rendered":"\t\t<div data-elementor-type=\"wp-page\" data-elementor-id=\"8\" class=\"elementor elementor-8\" data-elementor-post-type=\"page\">\n\t\t\t\t<div class=\"elementor-element elementor-element-3454d53 e-flex e-con-boxed qodef-elementor-content-no e-con e-parent\" data-id=\"3454d53\" data-element_type=\"container\" data-e-type=\"container\">\n\t\t\t\t\t<div class=\"e-con-inner\">\n\t\t\t\t\t\t\t<h2 \n\t\tdata-interaction-id=\"5146457\" \n\t\tclass=\"e-5146457-21c6b9d e-heading-base\" \n\t\t \n\t\tdata-e-type=\"widget\" data-id=\"5146457\"\n\t>\n\t\n\t\t\tPr\u00f3ximamente   Forum Salud Mental en Matar\u00f3\n\t\t<\/h2>\n\t\t\t\t\t\t\t\n\t\t\t<img class=\"e-image-base e-4e1b9fb-680dbc7\" \n\t\t\t\t\tdata-interaction-id=\"4e1b9fb\" \n\t\t \n\t\t data-e-type=\"widget\" data-id=\"4e1b9fb\"\n\t\t\t\t\t\t\t\t\tid=\"14\"\n\t\t\t\t\t\t\t\t\t\t\t\tsrc=\"https:\/\/forummontau.com\/mataro\/wp-content\/uploads\/sites\/15\/2026\/04\/mataro-1-scaled-e1775043012602.png\"\n\t\t\t\t\t\t\t\t\t\t\t\twidth=\"300\"\n\t\t\t\t\t\t\t\t\t\t\t\theight=\"183\"\n\t\t\t\t\t\t\t\t\t\t\t\tsrcset=\"\"\n\t\t\t\t\t\t\t\t\t\t\t\talt=\"\"\n\t\t\t\t\t\t\/>\n\t\t\t\t\t\t<\/div>\n\t\t\t\t<\/div>\n\t\t\t\t<\/div>\n\t\t","protected":false},"excerpt":{"rendered":"<p>Pr\u00f3ximamente Forum Salud Mental en Matar\u00f3<\/p>\n","protected":false},"author":1,"featured_media":0,"parent":0,"menu_order":0,"comment_status":"closed","ping_status":"closed","template":"elementor_header_footer","meta":{"ocean_post_layout":"","ocean_both_sidebars_style":"","ocean_both_sidebars_content_width":0,"ocean_both_sidebars_sidebars_width":0,"ocean_sidebar":"","ocean_second_sidebar":"","ocean_disable_margins":"enable","ocean_add_body_class":"","ocean_shortcode_before_top_bar":"","ocean_shortcode_after_top_bar":"","ocean_shortcode_before_header":"","ocean_shortcode_after_header":"","ocean_has_shortcode":"","ocean_shortcode_after_title":"","ocean_shortcode_before_footer_widgets":"","ocean_shortcode_after_footer_widgets":"","ocean_shortcode_before_footer_bottom":"","ocean_shortcode_after_footer_bottom":"","ocean_display_top_bar":"off","ocean_display_header":"off","ocean_header_style":"","ocean_center_header_left_menu":"","ocean_custom_header_template":"","ocean_custom_logo":0,"ocean_custom_retina_logo":0,"ocean_custom_logo_max_width":0,"ocean_custom_logo_tablet_max_width":0,"ocean_custom_logo_mobile_max_width":0,"ocean_custom_logo_max_height":0,"ocean_custom_logo_tablet_max_height":0,"ocean_custom_logo_mobile_max_height":0,"ocean_header_custom_menu":"","ocean_menu_typo_font_family":"","ocean_menu_typo_font_subset":"","ocean_menu_typo_font_size":0,"ocean_menu_typo_font_size_tablet":0,"ocean_menu_typo_font_size_mobile":0,"ocean_menu_typo_font_size_unit":"px","ocean_menu_typo_font_weight":"","ocean_menu_typo_font_weight_tablet":"","ocean_menu_typo_font_weight_mobile":"","ocean_menu_typo_transform":"","ocean_menu_typo_transform_tablet":"","ocean_menu_typo_transform_mobile":"","ocean_menu_typo_line_height":0,"ocean_menu_typo_line_height_tablet":0,"ocean_menu_typo_line_height_mobile":0,"ocean_menu_typo_line_height_unit":"","ocean_menu_typo_spacing":0,"ocean_menu_typo_spacing_tablet":0,"ocean_menu_typo_spacing_mobile":0,"ocean_menu_typo_spacing_unit":"","ocean_menu_link_color":"","ocean_menu_link_color_hover":"","ocean_menu_link_color_active":"","ocean_menu_link_background":"","ocean_menu_link_hover_background":"","ocean_menu_link_active_background":"","ocean_menu_social_links_bg":"","ocean_menu_social_hover_links_bg":"","ocean_menu_social_links_color":"","ocean_menu_social_hover_links_color":"","ocean_disable_title":"on","ocean_disable_heading":"default","ocean_post_title":"","ocean_post_subheading":"","ocean_post_title_style":"","ocean_post_title_background_color":"","ocean_post_title_background":0,"ocean_post_title_bg_image_position":"","ocean_post_title_bg_image_attachment":"","ocean_post_title_bg_image_repeat":"","ocean_post_title_bg_image_size":"","ocean_post_title_height":0,"ocean_post_title_bg_overlay":0.5,"ocean_post_title_bg_overlay_color":"","ocean_disable_breadcrumbs":"default","ocean_breadcrumbs_color":"","ocean_breadcrumbs_separator_color":"","ocean_breadcrumbs_links_color":"","ocean_breadcrumbs_links_hover_color":"","ocean_display_footer_widgets":"off","ocean_display_footer_bottom":"off","ocean_custom_footer_template":"","footnotes":""},"class_list":["post-8","page","type-page","status-publish","hentry","entry"],"yoast_head":"<!-- This site is optimized with the Yoast SEO plugin v27.5 - https:\/\/yoast.com\/product\/yoast-seo-wordpress\/ -->\n<title>Pr\u00f3xima apertura - Forum Salud Mental Matar\u00f3<\/title>\n<meta name=\"robots\" content=\"index, follow, max-snippet:-1, max-image-preview:large, max-video-preview:-1\" \/>\n<link rel=\"canonical\" href=\"https:\/\/forummontau.com\/mataro\/\" \/>\n<meta property=\"og:locale\" content=\"es_ES\" \/>\n<meta property=\"og:type\" content=\"article\" \/>\n<meta property=\"og:title\" content=\"Pr\u00f3xima apertura - Forum Salud Mental Matar\u00f3\" \/>\n<meta property=\"og:description\" content=\"Pr\u00f3ximamente Forum Salud Mental en Matar\u00f3\" \/>\n<meta property=\"og:url\" content=\"https:\/\/forummontau.com\/mataro\/\" \/>\n<meta property=\"og:site_name\" content=\"Forum Salud Mental Matar\u00f3\" \/>\n<meta property=\"article:modified_time\" content=\"2026-04-01T11:33:59+00:00\" \/>\n<meta property=\"og:image\" content=\"https:\/\/forummontau.com\/mataro\/wp-content\/uploads\/sites\/15\/2026\/04\/mataro-1-scaled-e1775043012602.png\" \/>\n<meta name=\"twitter:card\" content=\"summary_large_image\" \/>\n<meta name=\"twitter:label1\" content=\"Tiempo de lectura\" \/>\n\t<meta name=\"twitter:data1\" content=\"1 minuto\" \/>\n<script type=\"application\/ld+json\" class=\"yoast-schema-graph\">{\"@context\":\"https:\\\/\\\/schema.org\",\"@graph\":[{\"@type\":\"WebPage\",\"@id\":\"https:\\\/\\\/forummontau.com\\\/mataro\\\/\",\"url\":\"https:\\\/\\\/forummontau.com\\\/mataro\\\/\",\"name\":\"Pr\u00f3xima apertura - Forum Salud Mental Matar\u00f3\",\"isPartOf\":{\"@id\":\"https:\\\/\\\/forummontau.com\\\/mataro\\\/#website\"},\"primaryImageOfPage\":{\"@id\":\"https:\\\/\\\/forummontau.com\\\/mataro\\\/#primaryimage\"},\"image\":{\"@id\":\"https:\\\/\\\/forummontau.com\\\/mataro\\\/#primaryimage\"},\"thumbnailUrl\":\"https:\\\/\\\/forummontau.com\\\/mataro\\\/wp-content\\\/uploads\\\/sites\\\/15\\\/2026\\\/04\\\/mataro-1-scaled-e1775043012602.png\",\"datePublished\":\"2026-04-01T11:16:37+00:00\",\"dateModified\":\"2026-04-01T11:33:59+00:00\",\"breadcrumb\":{\"@id\":\"https:\\\/\\\/forummontau.com\\\/mataro\\\/#breadcrumb\"},\"inLanguage\":\"es\",\"potentialAction\":[{\"@type\":\"ReadAction\",\"target\":[\"https:\\\/\\\/forummontau.com\\\/mataro\\\/\"]}]},{\"@type\":\"ImageObject\",\"inLanguage\":\"es\",\"@id\":\"https:\\\/\\\/forummontau.com\\\/mataro\\\/#primaryimage\",\"url\":\"https:\\\/\\\/forummontau.com\\\/mataro\\\/wp-content\\\/uploads\\\/sites\\\/15\\\/2026\\\/04\\\/mataro-1-scaled-e1775043012602.png\",\"contentUrl\":\"https:\\\/\\\/forummontau.com\\\/mataro\\\/wp-content\\\/uploads\\\/sites\\\/15\\\/2026\\\/04\\\/mataro-1-scaled-e1775043012602.png\",\"width\":300,\"height\":183},{\"@type\":\"BreadcrumbList\",\"@id\":\"https:\\\/\\\/forummontau.com\\\/mataro\\\/#breadcrumb\",\"itemListElement\":[{\"@type\":\"ListItem\",\"position\":1,\"name\":\"Portada\",\"item\":\"https:\\\/\\\/forummontau.com\\\/mataro\\\/\"},{\"@type\":\"ListItem\",\"position\":2,\"name\":\"Pr\u00f3xima apertura\"}]},{\"@type\":\"WebSite\",\"@id\":\"https:\\\/\\\/forummontau.com\\\/mataro\\\/#website\",\"url\":\"https:\\\/\\\/forummontau.com\\\/mataro\\\/\",\"name\":\"Forum Salud Mental Matar\u00f3\",\"description\":\"\",\"potentialAction\":[{\"@type\":\"SearchAction\",\"target\":{\"@type\":\"EntryPoint\",\"urlTemplate\":\"https:\\\/\\\/forummontau.com\\\/mataro\\\/?s={search_term_string}\"},\"query-input\":{\"@type\":\"PropertyValueSpecification\",\"valueRequired\":true,\"valueName\":\"search_term_string\"}}],\"inLanguage\":\"es\"}]}<\/script>\n<!-- \/ Yoast SEO plugin. -->","yoast_head_json":{"title":"Pr\u00f3xima apertura - Forum Salud Mental Matar\u00f3","robots":{"index":"index","follow":"follow","max-snippet":"max-snippet:-1","max-image-preview":"max-image-preview:large","max-video-preview":"max-video-preview:-1"},"canonical":"https:\/\/forummontau.com\/mataro\/","og_locale":"es_ES","og_type":"article","og_title":"Pr\u00f3xima apertura - Forum Salud Mental Matar\u00f3","og_description":"Pr\u00f3ximamente Forum Salud Mental en Matar\u00f3","og_url":"https:\/\/forummontau.com\/mataro\/","og_site_name":"Forum Salud Mental Matar\u00f3","article_modified_time":"2026-04-01T11:33:59+00:00","og_image":[{"url":"https:\/\/forummontau.com\/mataro\/wp-content\/uploads\/sites\/15\/2026\/04\/mataro-1-scaled-e1775043012602.png","type":"","width":"","height":""}],"twitter_card":"summary_large_image","twitter_misc":{"Tiempo de lectura":"1 minuto"},"schema":{"@context":"https:\/\/schema.org","@graph":[{"@type":"WebPage","@id":"https:\/\/forummontau.com\/mataro\/","url":"https:\/\/forummontau.com\/mataro\/","name":"Pr\u00f3xima apertura - Forum Salud Mental Matar\u00f3","isPartOf":{"@id":"https:\/\/forummontau.com\/mataro\/#website"},"primaryImageOfPage":{"@id":"https:\/\/forummontau.com\/mataro\/#primaryimage"},"image":{"@id":"https:\/\/forummontau.com\/mataro\/#primaryimage"},"thumbnailUrl":"https:\/\/forummontau.com\/mataro\/wp-content\/uploads\/sites\/15\/2026\/04\/mataro-1-scaled-e1775043012602.png","datePublished":"2026-04-01T11:16:37+00:00","dateModified":"2026-04-01T11:33:59+00:00","breadcrumb":{"@id":"https:\/\/forummontau.com\/mataro\/#breadcrumb"},"inLanguage":"es","potentialAction":[{"@type":"ReadAction","target":["https:\/\/forummontau.com\/mataro\/"]}]},{"@type":"ImageObject","inLanguage":"es","@id":"https:\/\/forummontau.com\/mataro\/#primaryimage","url":"https:\/\/forummontau.com\/mataro\/wp-content\/uploads\/sites\/15\/2026\/04\/mataro-1-scaled-e1775043012602.png","contentUrl":"https:\/\/forummontau.com\/mataro\/wp-content\/uploads\/sites\/15\/2026\/04\/mataro-1-scaled-e1775043012602.png","width":300,"height":183},{"@type":"BreadcrumbList","@id":"https:\/\/forummontau.com\/mataro\/#breadcrumb","itemListElement":[{"@type":"ListItem","position":1,"name":"Portada","item":"https:\/\/forummontau.com\/mataro\/"},{"@type":"ListItem","position":2,"name":"Pr\u00f3xima apertura"}]},{"@type":"WebSite","@id":"https:\/\/forummontau.com\/mataro\/#website","url":"https:\/\/forummontau.com\/mataro\/","name":"Forum Salud Mental Matar\u00f3","description":"","potentialAction":[{"@type":"SearchAction","target":{"@type":"EntryPoint","urlTemplate":"https:\/\/forummontau.com\/mataro\/?s={search_term_string}"},"query-input":{"@type":"PropertyValueSpecification","valueRequired":true,"valueName":"search_term_string"}}],"inLanguage":"es"}]}},"_links":{"self":[{"href":"https:\/\/forummontau.com\/mataro\/wp-json\/wp\/v2\/pages\/8","targetHints":{"allow":["GET"]}}],"collection":[{"href":"https:\/\/forummontau.com\/mataro\/wp-json\/wp\/v2\/pages"}],"about":[{"href":"https:\/\/forummontau.com\/mataro\/wp-json\/wp\/v2\/types\/page"}],"author":[{"embeddable":true,"href":"https:\/\/forummontau.com\/mataro\/wp-json\/wp\/v2\/users\/1"}],"replies":[{"embeddable":true,"href":"https:\/\/forummontau.com\/mataro\/wp-json\/wp\/v2\/comments?post=8"}],"version-history":[{"count":11,"href":"https:\/\/forummontau.com\/mataro\/wp-json\/wp\/v2\/pages\/8\/revisions"}],"predecessor-version":[{"id":25,"href":"https:\/\/forummontau.com\/mataro\/wp-json\/wp\/v2\/pages\/8\/revisions\/25"}],"wp:attachment":[{"href":"https:\/\/forummontau.com\/mataro\/wp-json\/wp\/v2\/media?parent=8"}],"curies":[{"name":"wp","href":"https:\/\/api.w.org\/{rel}","templated":true}]}}

Próxima apertura

<div data-elementor-type="wp-page" data-elementor-id="8" class="elementor elementor-8" data-elementor-post-type="page">
				<div class="elementor-element elementor-element-3454d53 e-flex e-con-boxed qodef-elementor-content-no e-con e-parent" data-id="3454d53" data-element_type="container" data-e-type="container">
					<div class="e-con-inner">
							<h2 
		data-interaction-id="5146457" 
		class="e-5146457-21c6b9d e-heading-base" 
		 
		data-e-type="widget" data-id="5146457"
	>
	
			Próximamente   Forum Salud Mental en Mataró
		</h2>
							
			<img class="e-image-base e-4e1b9fb-680dbc7" 
					data-interaction-id="4e1b9fb" 
		 
		 data-e-type="widget" data-id="4e1b9fb"
									id="14"
												src="https://forummontau.com/mataro/wp-content/uploads/sites/15/2026/04/mataro-1-scaled-e1775043012602.png"
												width="300"
												height="183"
												srcset=""
												alt=""
						/>
						</div>
				</div>
				</div>

<p>Próximamente Forum Salud Mental en Mataró</p>

<!-- This site is optimized with the Yoast SEO plugin v27.5 - https://yoast.com/product/yoast-seo-wordpress/ -->
<title>Próxima apertura - Forum Salud Mental Mataró</title>
<meta name="robots" content="index, follow, max-snippet:-1, max-image-preview:large, max-video-preview:-1" />
<link rel="canonical" href="https://forummontau.com/mataro/" />
<meta property="og:locale" content="es_ES" />
<meta property="og:type" content="article" />
<meta property="og:title" content="Próxima apertura - Forum Salud Mental Mataró" />
<meta property="og:description" content="Próximamente Forum Salud Mental en Mataró" />
<meta property="og:url" content="https://forummontau.com/mataro/" />
<meta property="og:site_name" content="Forum Salud Mental Mataró" />
<meta property="article:modified_time" content="2026-04-01T11:33:59+00:00" />
<meta property="og:image" content="https://forummontau.com/mataro/wp-content/uploads/sites/15/2026/04/mataro-1-scaled-e1775043012602.png" />
<meta name="twitter:card" content="summary_large_image" />
<meta name="twitter:label1" content="Tiempo de lectura" />
	<meta name="twitter:data1" content="1 minuto" />
<script type="application/ld+json" class="yoast-schema-graph">{"@context":"https:\/\/schema.org","@graph":[{"@type":"WebPage","@id":"https:\/\/forummontau.com\/mataro\/","url":"https:\/\/forummontau.com\/mataro\/","name":"Próxima apertura - Forum Salud Mental Mataró","isPartOf":{"@id":"https:\/\/forummontau.com\/mataro\/#website"},"primaryImageOfPage":{"@id":"https:\/\/forummontau.com\/mataro\/#primaryimage"},"image":{"@id":"https:\/\/forummontau.com\/mataro\/#primaryimage"},"thumbnailUrl":"https:\/\/forummontau.com\/mataro\/wp-content\/uploads\/sites\/15\/2026\/04\/mataro-1-scaled-e1775043012602.png","datePublished":"2026-04-01T11:16:37+00:00","dateModified":"2026-04-01T11:33:59+00:00","breadcrumb":{"@id":"https:\/\/forummontau.com\/mataro\/#breadcrumb"},"inLanguage":"es","potentialAction":[{"@type":"ReadAction","target":["https:\/\/forummontau.com\/mataro\/"]}]},{"@type":"ImageObject","inLanguage":"es","@id":"https:\/\/forummontau.com\/mataro\/#primaryimage","url":"https:\/\/forummontau.com\/mataro\/wp-content\/uploads\/sites\/15\/2026\/04\/mataro-1-scaled-e1775043012602.png","contentUrl":"https:\/\/forummontau.com\/mataro\/wp-content\/uploads\/sites\/15\/2026\/04\/mataro-1-scaled-e1775043012602.png","width":300,"height":183},{"@type":"BreadcrumbList","@id":"https:\/\/forummontau.com\/mataro\/#breadcrumb","itemListElement":[{"@type":"ListItem","position":1,"name":"Portada","item":"https:\/\/forummontau.com\/mataro\/"},{"@type":"ListItem","position":2,"name":"Próxima apertura"}]},{"@type":"WebSite","@id":"https:\/\/forummontau.com\/mataro\/#website","url":"https:\/\/forummontau.com\/mataro\/","name":"Forum Salud Mental Mataró","description":"","potentialAction":[{"@type":"SearchAction","target":{"@type":"EntryPoint","urlTemplate":"https:\/\/forummontau.com\/mataro\/?s={search_term_string}"},"query-input":{"@type":"PropertyValueSpecification","valueRequired":true,"valueName":"search_term_string"}}],"inLanguage":"es"}]}</script>
<!-- / Yoast SEO plugin. -->

Próxima apertura - Forum Salud Mental Mataró

Próximamente Forum Salud Mental en Mataró

Forum Salud Mental Mataró
