{"id":1566,"date":"2023-06-27T14:08:39","date_gmt":"2023-06-27T14:08:39","guid":{"rendered":"https:\/\/www.adiccionesmurcia.com\/?page_id=1566"},"modified":"2026-01-07T18:53:15","modified_gmt":"2026-01-07T17:53:15","slug":"adiccion-al-juego-o-ludopatia","status":"publish","type":"page","link":"https:\/\/forummontau.com\/murcia\/adiccion-al-juego-o-ludopatia\/","title":{"rendered":"Adicci\u00f3n al juego o ludopat\u00eda"},"content":{"rendered":"\t\t<div data-elementor-type=\"wp-page\" data-elementor-id=\"1566\" class=\"elementor elementor-1566\" data-elementor-post-type=\"page\">\n\t\t\t\t\t\t<section class=\"elementor-section elementor-top-section elementor-element elementor-element-4890235d elementor-section-content-middle elementor-section-full_width elementor-section-items-stretch elementor-section-height-min-height elementor-section-height-default qodef-elementor-content-no elementor-invisible\" data-id=\"4890235d\" data-element_type=\"section\" data-e-type=\"section\" data-settings=\"{&quot;background_background&quot;:&quot;classic&quot;,&quot;animation&quot;:&quot;fadeInUp&quot;}\">\n\t\t\t\t\t\t<div class=\"elementor-container elementor-column-gap-default\">\n\t\t\t\t\t<div class=\"elementor-column elementor-col-50 elementor-top-column elementor-element elementor-element-86515a6\" data-id=\"86515a6\" data-element_type=\"column\" data-e-type=\"column\" data-settings=\"{&quot;background_background&quot;:&quot;classic&quot;}\">\n\t\t\t<div class=\"elementor-widget-wrap elementor-element-populated\">\n\t\t\t\t\t\t<div class=\"elementor-element elementor-element-8ea20af elementor-widget elementor-widget-heading\" data-id=\"8ea20af\" data-element_type=\"widget\" data-e-type=\"widget\" data-widget_type=\"heading.default\">\n\t\t\t\t<div class=\"elementor-widget-container\">\n\t\t\t\t\t<h1 class=\"elementor-heading-title elementor-size-default\">Especialistas en Ludopat\u00eda en Murcia<\/h1>\t\t\t\t<\/div>\n\t\t\t\t<\/div>\n\t\t\t\t<div class=\"elementor-element elementor-element-5968d6dc elementor-widget elementor-widget-heading\" data-id=\"5968d6dc\" data-element_type=\"widget\" data-e-type=\"widget\" data-widget_type=\"heading.default\">\n\t\t\t\t<div class=\"elementor-widget-container\">\n\t\t\t\t\t<p class=\"elementor-heading-title elementor-size-default\">\u00bfCrees que has desarrollado una adicci\u00f3n al juego o sospechas que un familiar\/conocido puede tenerla?<\/p>\t\t\t\t<\/div>\n\t\t\t\t<\/div>\n\t\t\t\t<div class=\"elementor-element elementor-element-6f5a31e7 elementor-widget elementor-widget-heading\" data-id=\"6f5a31e7\" data-element_type=\"widget\" data-e-type=\"widget\" data-widget_type=\"heading.default\">\n\t\t\t\t<div class=\"elementor-widget-container\">\n\t\t\t\t\t<p class=\"elementor-heading-title elementor-size-default\">Da el primer paso<\/p>\t\t\t\t<\/div>\n\t\t\t\t<\/div>\n\t\t\t\t<div class=\"elementor-element elementor-element-2030ebbc elementor-widget elementor-widget-heading\" data-id=\"2030ebbc\" data-element_type=\"widget\" data-e-type=\"widget\" data-widget_type=\"heading.default\">\n\t\t\t\t<div class=\"elementor-widget-container\">\n\t\t\t\t\t<p class=\"elementor-heading-title elementor-size-default\">900 802 408<\/p>\t\t\t\t<\/div>\n\t\t\t\t<\/div>\n\t\t\t\t<div class=\"elementor-element elementor-element-c1f8332 elementor-widget elementor-widget-heading\" data-id=\"c1f8332\" data-element_type=\"widget\" data-e-type=\"widget\" data-widget_type=\"heading.default\">\n\t\t\t\t<div class=\"elementor-widget-container\">\n\t\t\t\t\t<p class=\"elementor-heading-title elementor-size-default\">1\u00aa Visita gratuita <\/p>\t\t\t\t<\/div>\n\t\t\t\t<\/div>\n\t\t\t\t\t<\/div>\n\t\t<\/div>\n\t\t\t\t<div class=\"elementor-column elementor-col-50 elementor-top-column elementor-element elementor-element-17e7429a\" data-id=\"17e7429a\" data-element_type=\"column\" data-e-type=\"column\" data-settings=\"{&quot;background_background&quot;:&quot;classic&quot;}\">\n\t\t\t<div class=\"elementor-widget-wrap elementor-element-populated\">\n\t\t\t\t\t\t<div class=\"elementor-element elementor-element-35dbfb41 elementor-widget elementor-widget-spacer\" data-id=\"35dbfb41\" data-element_type=\"widget\" data-e-type=\"widget\" data-widget_type=\"spacer.default\">\n\t\t\t\t<div class=\"elementor-widget-container\">\n\t\t\t\t\t\t\t<div class=\"elementor-spacer\">\n\t\t\t<div class=\"elementor-spacer-inner\"><\/div>\n\t\t<\/div>\n\t\t\t\t\t\t<\/div>\n\t\t\t\t<\/div>\n\t\t\t\t\t<\/div>\n\t\t<\/div>\n\t\t\t\t\t<\/div>\n\t\t<\/section>\n\t\t\t\t<section class=\"elementor-section elementor-top-section elementor-element elementor-element-685d70ec elementor-section-full_width elementor-section-content-middle elementor-section-stretched elementor-section-height-default elementor-section-height-default qodef-elementor-content-no elementor-invisible\" data-id=\"685d70ec\" data-element_type=\"section\" data-e-type=\"section\" data-settings=\"{&quot;animation&quot;:&quot;fadeInUp&quot;,&quot;stretch_section&quot;:&quot;section-stretched&quot;}\">\n\t\t\t\t\t\t<div class=\"elementor-container elementor-column-gap-default\">\n\t\t\t\t\t<div class=\"elementor-column elementor-col-100 elementor-top-column elementor-element elementor-element-76ba0ffd\" data-id=\"76ba0ffd\" data-element_type=\"column\" data-e-type=\"column\">\n\t\t\t<div class=\"elementor-widget-wrap elementor-element-populated\">\n\t\t\t\t\t\t<div class=\"elementor-element elementor-element-51b4a492 elementor-widget elementor-widget-heading\" data-id=\"51b4a492\" data-element_type=\"widget\" data-e-type=\"widget\" data-widget_type=\"heading.default\">\n\t\t\t\t<div class=\"elementor-widget-container\">\n\t\t\t\t\t<h2 class=\"elementor-heading-title elementor-size-default\">Tratamiento del Juego patol\u00f3gico o Ludopat\u00eda<\/h2>\t\t\t\t<\/div>\n\t\t\t\t<\/div>\n\t\t\t\t<div class=\"elementor-element elementor-element-602b66b1 elementor-widget elementor-widget-text-editor\" data-id=\"602b66b1\" data-element_type=\"widget\" data-e-type=\"widget\" data-widget_type=\"text-editor.default\">\n\t\t\t\t<div class=\"elementor-widget-container\">\n\t\t\t\t\t\t\t\t\t<div class=\"vc_row wpb_row vc_row-fluid\" data-op-gutter=\"\" data-opn_enable_overlay=\"\" data-opn_hide_navigation=\"\"><div class=\"wpb_column vc_column_container vc_col-sm-12\"><div class=\"vc_column-inner\"><div class=\"wpb_wrapper\"><div class=\"wpb_text_column wpb_content_element \"><div class=\"wpb_wrapper\"><div id=\"rev_slider_19_1_forcefullwidth\" class=\"forcefullwidth_wrapper_tp_banner\">\u00a0<\/div><\/div><\/div><\/div><\/div><\/div><\/div><div class=\"vc_row wpb_row vc_row-fluid row_display_fix vc_custom_1567763396902\" data-op-gutter=\"\" data-opn_enable_overlay=\"\" data-opn_hide_navigation=\"\"><div class=\"wpb_column vc_column_container vc_col-sm-12\"><div class=\"vc_column-inner\"><div class=\"wpb_wrapper\"><p class=\"vc_empty_space\">La persona juega con una determinada frecuencia, invirtiendo cantidades de dinero superiores a sus posibilidades y\/o dedicando mucho tiempo a esta actividad, llegando a interferir de forma importante en su vida, limitando el desarrollo habitual de otras actividades. Presenta: necesidad de jugar con cantidades crecientes de dinero para conseguir el grado de excitaci\u00f3n deseado, fracaso repetido de los esfuerzos para controlar, interrumpir o detener el juego, inquietud o irritabilidad cuando intenta interrumpir o detener el juego.<\/p><\/div><\/div><\/div><\/div>\t\t\t\t\t\t\t\t<\/div>\n\t\t\t\t<\/div>\n\t\t\t\t<div class=\"elementor-element elementor-element-3ac2d9ba elementor-widget elementor-widget-spacer\" data-id=\"3ac2d9ba\" data-element_type=\"widget\" data-e-type=\"widget\" data-widget_type=\"spacer.default\">\n\t\t\t\t<div class=\"elementor-widget-container\">\n\t\t\t\t\t\t\t<div class=\"elementor-spacer\">\n\t\t\t<div class=\"elementor-spacer-inner\"><\/div>\n\t\t<\/div>\n\t\t\t\t\t\t<\/div>\n\t\t\t\t<\/div>\n\t\t\t\t\t<\/div>\n\t\t<\/div>\n\t\t\t\t\t<\/div>\n\t\t<\/section>\n\t\t\t\t<section class=\"elementor-section elementor-top-section elementor-element elementor-element-50bd9ba elementor-section-full_width elementor-section-content-middle elementor-section-stretched elementor-section-height-default elementor-section-height-default qodef-elementor-content-no elementor-invisible\" data-id=\"50bd9ba\" data-element_type=\"section\" data-e-type=\"section\" data-settings=\"{&quot;animation&quot;:&quot;fadeInUp&quot;,&quot;stretch_section&quot;:&quot;section-stretched&quot;}\">\n\t\t\t\t\t\t<div class=\"elementor-container elementor-column-gap-default\">\n\t\t\t\t\t<div class=\"elementor-column elementor-col-100 elementor-top-column elementor-element elementor-element-662508c\" data-id=\"662508c\" data-element_type=\"column\" data-e-type=\"column\">\n\t\t\t<div class=\"elementor-widget-wrap elementor-element-populated\">\n\t\t\t\t\t\t<div class=\"elementor-element elementor-element-e0e15ba elementor-widget elementor-widget-heading\" data-id=\"e0e15ba\" data-element_type=\"widget\" data-e-type=\"widget\" data-widget_type=\"heading.default\">\n\t\t\t\t<div class=\"elementor-widget-container\">\n\t\t\t\t\t<h2 class=\"elementor-heading-title elementor-size-default\">Criterios Diagn\u00f3sticos de la Adicci\u00f3n al Juego<\/h2>\t\t\t\t<\/div>\n\t\t\t\t<\/div>\n\t\t\t\t<div class=\"elementor-element elementor-element-aff8ce5 elementor-widget elementor-widget-text-editor\" data-id=\"aff8ce5\" data-element_type=\"widget\" data-e-type=\"widget\" data-widget_type=\"text-editor.default\">\n\t\t\t\t<div class=\"elementor-widget-container\">\n\t\t\t\t\t\t\t\t\t<div class=\"vc_row wpb_row vc_row-fluid\" data-op-gutter=\"\" data-opn_enable_overlay=\"\" data-opn_hide_navigation=\"\"><div class=\"wpb_column vc_column_container vc_col-sm-12\"><div class=\"vc_column-inner\"><div class=\"wpb_wrapper\"><div class=\"wpb_text_column wpb_content_element \"><div class=\"wpb_wrapper\"><div id=\"rev_slider_19_1_forcefullwidth\" class=\"forcefullwidth_wrapper_tp_banner\">\u00a0<\/div><\/div><\/div><\/div><\/div><\/div><\/div><div class=\"vc_row wpb_row vc_row-fluid row_display_fix vc_custom_1567763396902\" data-op-gutter=\"\" data-opn_enable_overlay=\"\" data-opn_hide_navigation=\"\"><div class=\"wpb_column vc_column_container vc_col-sm-12\"><div class=\"vc_column-inner\"><div class=\"wpb_wrapper\"><p>Esta adicci\u00f3n consiste en un patr\u00f3n de conducta patol\u00f3gica relacionada con el juego, y que presenta los siguientes criterios diagn\u00f3sticos (DMS-5):<\/p><ul><li><strong>Fracaso repetido de los esfuerzos para controlar<\/strong>, interrumpir o detener el juego.<\/li><li><strong>Inquietud o irritabilidad<\/strong>\u00a0cuando intenta interrumpir o detener el juego.<\/li><li>Utilizaci\u00f3n del<strong>juego como v\u00eda de escape de los problemas<\/strong>\u00a0o de alivio del malestar emocional.<\/li><li>Intentos repetidos de recuperar el dinero perdido.<\/li><li><strong>Preocupaci\u00f3n excesiva por el juego. Se buscan formas de conseguir dinero con el que llevar a cabo la conducta y se planifica cual ser\u00e1 la pr\u00f3xima ocasi\u00f3n en la que puedan jugar.<\/strong><\/li><li><strong>Se presenta la necesidad de jugar cada vez con m\u00e1s dinero para conseguir el mismo grado de excitaci\u00f3n<\/strong><\/li><li><strong>Se enga\u00f1a<\/strong>\u00a0a los miembros de la familia, terapeutas u otras personas para ocultar el grado de implicaci\u00f3n con el juego.<\/li><li>Diferentes \u00e1reas de la vida del jugador (laboral, social, educativa, etc.) se ven afectas debido al juego<\/li><\/ul><\/div><\/div><\/div><\/div>\t\t\t\t\t\t\t\t<\/div>\n\t\t\t\t<\/div>\n\t\t\t\t<div class=\"elementor-element elementor-element-4c59300 elementor-widget elementor-widget-spacer\" data-id=\"4c59300\" data-element_type=\"widget\" data-e-type=\"widget\" data-widget_type=\"spacer.default\">\n\t\t\t\t<div class=\"elementor-widget-container\">\n\t\t\t\t\t\t\t<div class=\"elementor-spacer\">\n\t\t\t<div class=\"elementor-spacer-inner\"><\/div>\n\t\t<\/div>\n\t\t\t\t\t\t<\/div>\n\t\t\t\t<\/div>\n\t\t\t\t\t<\/div>\n\t\t<\/div>\n\t\t\t\t\t<\/div>\n\t\t<\/section>\n\t\t\t\t<section class=\"elementor-section elementor-top-section elementor-element elementor-element-509d4a33 elementor-section-full_width elementor-section-content-middle elementor-section-stretched elementor-section-height-default elementor-section-height-default qodef-elementor-content-no elementor-invisible\" data-id=\"509d4a33\" data-element_type=\"section\" data-e-type=\"section\" data-settings=\"{&quot;animation&quot;:&quot;fadeInUp&quot;,&quot;stretch_section&quot;:&quot;section-stretched&quot;}\">\n\t\t\t\t\t\t<div class=\"elementor-container elementor-column-gap-default\">\n\t\t\t\t\t<div class=\"elementor-column elementor-col-100 elementor-top-column elementor-element elementor-element-1e44482a\" data-id=\"1e44482a\" data-element_type=\"column\" data-e-type=\"column\">\n\t\t\t<div class=\"elementor-widget-wrap elementor-element-populated\">\n\t\t\t\t\t\t<div class=\"elementor-element elementor-element-8b79a83 elementor-widget elementor-widget-heading\" data-id=\"8b79a83\" data-element_type=\"widget\" data-e-type=\"widget\" data-widget_type=\"heading.default\">\n\t\t\t\t<div class=\"elementor-widget-container\">\n\t\t\t\t\t<h2 class=\"elementor-heading-title elementor-size-default\">\u00bfC\u00f3mo abordamos el juego en Forum Murcia?<\/h2>\t\t\t\t<\/div>\n\t\t\t\t<\/div>\n\t\t\t\t<div class=\"elementor-element elementor-element-3aa89042 elementor-widget elementor-widget-text-editor\" data-id=\"3aa89042\" data-element_type=\"widget\" data-e-type=\"widget\" data-widget_type=\"text-editor.default\">\n\t\t\t\t<div class=\"elementor-widget-container\">\n\t\t\t\t\t\t\t\t\t<p>El tratamiento se basa, igual que en las adicciones con sustancia, en la reestructuraci\u00f3n de la personalidad y la vida del paciente. Se instauran nuevos h\u00e1bitos en su d\u00eda a d\u00eda, controlando los est\u00edmulos que perpet\u00faan la conducta y se entrena en prevenci\u00f3n de reca\u00eddas.\u00a0<\/p><p>Igual que en el otro tipo de adicci\u00f3n, las terapias son tanto individuales como grupales.\u00a0<\/p><p>El enfoque es cognitivo-conductual, trabajando tanto la conducta problema en s\u00ed como las creencias e ideas irracionales asociadas a la adicci\u00f3n.<\/p>\t\t\t\t\t\t\t\t<\/div>\n\t\t\t\t<\/div>\n\t\t\t\t<div class=\"elementor-element elementor-element-33aa5a00 elementor-widget elementor-widget-spacer\" data-id=\"33aa5a00\" data-element_type=\"widget\" data-e-type=\"widget\" data-widget_type=\"spacer.default\">\n\t\t\t\t<div class=\"elementor-widget-container\">\n\t\t\t\t\t\t\t<div class=\"elementor-spacer\">\n\t\t\t<div class=\"elementor-spacer-inner\"><\/div>\n\t\t<\/div>\n\t\t\t\t\t\t<\/div>\n\t\t\t\t<\/div>\n\t\t\t\t\t<\/div>\n\t\t<\/div>\n\t\t\t\t\t<\/div>\n\t\t<\/section>\n\t\t\t\t<\/div>\n\t\t","protected":false},"excerpt":{"rendered":"<p>Especialistas en Ludopat\u00eda en Murcia \u00bfCrees que has desarrollado una adicci\u00f3n al juego o sospechas que un familiar\/conocido puede tenerla? Da el primer paso 900 802 408 1\u00aa Visita gratuita Tratamiento del Juego patol\u00f3gico o Ludopat\u00eda \u00a0 La persona juega con una determinada frecuencia, invirtiendo cantidades de dinero superiores a sus posibilidades y\/o dedicando mucho [&hellip;]<\/p>\n","protected":false},"author":2,"featured_media":0,"parent":0,"menu_order":0,"comment_status":"closed","ping_status":"closed","template":"","meta":{"ocean_post_layout":"full-screen","ocean_both_sidebars_style":"","ocean_both_sidebars_content_width":0,"ocean_both_sidebars_sidebars_width":0,"ocean_sidebar":"0","ocean_second_sidebar":"0","ocean_disable_margins":"enable","ocean_add_body_class":"","ocean_shortcode_before_top_bar":"","ocean_shortcode_after_top_bar":"","ocean_shortcode_before_header":"","ocean_shortcode_after_header":"","ocean_has_shortcode":"","ocean_shortcode_after_title":"","ocean_shortcode_before_footer_widgets":"","ocean_shortcode_after_footer_widgets":"","ocean_shortcode_before_footer_bottom":"","ocean_shortcode_after_footer_bottom":"","ocean_display_top_bar":"default","ocean_display_header":"default","ocean_header_style":"","ocean_center_header_left_menu":"0","ocean_custom_header_template":"0","ocean_custom_logo":0,"ocean_custom_retina_logo":0,"ocean_custom_logo_max_width":0,"ocean_custom_logo_tablet_max_width":0,"ocean_custom_logo_mobile_max_width":0,"ocean_custom_logo_max_height":0,"ocean_custom_logo_tablet_max_height":0,"ocean_custom_logo_mobile_max_height":0,"ocean_header_custom_menu":"0","ocean_menu_typo_font_family":"0","ocean_menu_typo_font_subset":"","ocean_menu_typo_font_size":0,"ocean_menu_typo_font_size_tablet":0,"ocean_menu_typo_font_size_mobile":0,"ocean_menu_typo_font_size_unit":"px","ocean_menu_typo_font_weight":"","ocean_menu_typo_font_weight_tablet":"","ocean_menu_typo_font_weight_mobile":"","ocean_menu_typo_transform":"","ocean_menu_typo_transform_tablet":"","ocean_menu_typo_transform_mobile":"","ocean_menu_typo_line_height":0,"ocean_menu_typo_line_height_tablet":0,"ocean_menu_typo_line_height_mobile":0,"ocean_menu_typo_line_height_unit":"","ocean_menu_typo_spacing":0,"ocean_menu_typo_spacing_tablet":0,"ocean_menu_typo_spacing_mobile":0,"ocean_menu_typo_spacing_unit":"","ocean_menu_link_color":"","ocean_menu_link_color_hover":"","ocean_menu_link_color_active":"","ocean_menu_link_background":"","ocean_menu_link_hover_background":"","ocean_menu_link_active_background":"","ocean_menu_social_links_bg":"","ocean_menu_social_hover_links_bg":"","ocean_menu_social_links_color":"","ocean_menu_social_hover_links_color":"","ocean_disable_title":"on","ocean_disable_heading":"default","ocean_post_title":"","ocean_post_subheading":"","ocean_post_title_style":"","ocean_post_title_background_color":"","ocean_post_title_background":0,"ocean_post_title_bg_image_position":"","ocean_post_title_bg_image_attachment":"","ocean_post_title_bg_image_repeat":"","ocean_post_title_bg_image_size":"","ocean_post_title_height":0,"ocean_post_title_bg_overlay":0.5,"ocean_post_title_bg_overlay_color":"","ocean_disable_breadcrumbs":"default","ocean_breadcrumbs_color":"","ocean_breadcrumbs_separator_color":"","ocean_breadcrumbs_links_color":"","ocean_breadcrumbs_links_hover_color":"","ocean_display_footer_widgets":"default","ocean_display_footer_bottom":"default","ocean_custom_footer_template":"0","footnotes":""},"class_list":["post-1566","page","type-page","status-publish","hentry","entry"],"yoast_head":"<!-- This site is optimized with the Yoast SEO plugin v27.3 - https:\/\/yoast.com\/product\/yoast-seo-wordpress\/ -->\n<title>Adicci\u00f3n al juego o ludopat\u00eda - Forum Salud Mental Murcia<\/title>\n<meta name=\"description\" content=\"Supera la adicci\u00f3n al juego. Nuestro equipo est\u00e1 aqu\u00ed para ayudarte. Cont\u00e1ctanos y encontraremos la mejor soluci\u00f3n para ti.\" \/>\n<meta name=\"robots\" content=\"index, follow, max-snippet:-1, max-image-preview:large, max-video-preview:-1\" \/>\n<link rel=\"canonical\" href=\"https:\/\/forummontau.com\/murcia\/adiccion-al-juego-o-ludopatia\/\" \/>\n<meta property=\"og:locale\" content=\"es_ES\" \/>\n<meta property=\"og:type\" content=\"article\" \/>\n<meta property=\"og:title\" content=\"Adicci\u00f3n al juego o ludopat\u00eda - Forum Salud Mental Murcia\" \/>\n<meta property=\"og:description\" content=\"Supera la adicci\u00f3n al juego. Nuestro equipo est\u00e1 aqu\u00ed para ayudarte. Cont\u00e1ctanos y encontraremos la mejor soluci\u00f3n para ti.\" \/>\n<meta property=\"og:url\" content=\"https:\/\/forummontau.com\/murcia\/adiccion-al-juego-o-ludopatia\/\" \/>\n<meta property=\"og:site_name\" content=\"Forum Salud Mental Murcia\" \/>\n<meta property=\"article:modified_time\" content=\"2026-01-07T17:53:15+00:00\" \/>\n<meta name=\"twitter:card\" content=\"summary_large_image\" \/>\n<meta name=\"twitter:label1\" content=\"Tiempo de lectura\" \/>\n\t<meta name=\"twitter:data1\" content=\"2 minutos\" \/>\n<script type=\"application\/ld+json\" class=\"yoast-schema-graph\">{\"@context\":\"https:\\\/\\\/schema.org\",\"@graph\":[{\"@type\":\"WebPage\",\"@id\":\"https:\\\/\\\/forummontau.com\\\/murcia\\\/adiccion-al-juego-o-ludopatia\\\/\",\"url\":\"https:\\\/\\\/forummontau.com\\\/murcia\\\/adiccion-al-juego-o-ludopatia\\\/\",\"name\":\"Adicci\u00f3n al juego o ludopat\u00eda - Forum Salud Mental Murcia\",\"isPartOf\":{\"@id\":\"https:\\\/\\\/forummontau.com\\\/murcia\\\/#website\"},\"datePublished\":\"2023-06-27T14:08:39+00:00\",\"dateModified\":\"2026-01-07T17:53:15+00:00\",\"description\":\"Supera la adicci\u00f3n al juego. Nuestro equipo est\u00e1 aqu\u00ed para ayudarte. Cont\u00e1ctanos y encontraremos la mejor soluci\u00f3n para ti.\",\"breadcrumb\":{\"@id\":\"https:\\\/\\\/forummontau.com\\\/murcia\\\/adiccion-al-juego-o-ludopatia\\\/#breadcrumb\"},\"inLanguage\":\"es\",\"potentialAction\":[{\"@type\":\"ReadAction\",\"target\":[\"https:\\\/\\\/forummontau.com\\\/murcia\\\/adiccion-al-juego-o-ludopatia\\\/\"]}]},{\"@type\":\"BreadcrumbList\",\"@id\":\"https:\\\/\\\/forummontau.com\\\/murcia\\\/adiccion-al-juego-o-ludopatia\\\/#breadcrumb\",\"itemListElement\":[{\"@type\":\"ListItem\",\"position\":1,\"name\":\"Portada\",\"item\":\"https:\\\/\\\/forummontau.com\\\/murcia\\\/\"},{\"@type\":\"ListItem\",\"position\":2,\"name\":\"Adicci\u00f3n al juego o ludopat\u00eda\"}]},{\"@type\":\"WebSite\",\"@id\":\"https:\\\/\\\/forummontau.com\\\/murcia\\\/#website\",\"url\":\"https:\\\/\\\/forummontau.com\\\/murcia\\\/\",\"name\":\"Forum Salud Mental Murcia\",\"description\":\"Centro Desintoxicaci\u00f3n y Adicciones en Murcia\",\"publisher\":{\"@id\":\"https:\\\/\\\/forummontau.com\\\/murcia\\\/#organization\"},\"potentialAction\":[{\"@type\":\"SearchAction\",\"target\":{\"@type\":\"EntryPoint\",\"urlTemplate\":\"https:\\\/\\\/forummontau.com\\\/murcia\\\/?s={search_term_string}\"},\"query-input\":{\"@type\":\"PropertyValueSpecification\",\"valueRequired\":true,\"valueName\":\"search_term_string\"}}],\"inLanguage\":\"es\"},{\"@type\":\"Organization\",\"@id\":\"https:\\\/\\\/forummontau.com\\\/murcia\\\/#organization\",\"name\":\"Forum Salud Mental Murcia\",\"url\":\"https:\\\/\\\/forummontau.com\\\/murcia\\\/\",\"logo\":{\"@type\":\"ImageObject\",\"inLanguage\":\"es\",\"@id\":\"https:\\\/\\\/forummontau.com\\\/murcia\\\/#\\\/schema\\\/logo\\\/image\\\/\",\"url\":\"https:\\\/\\\/forummontau.com\\\/murcia\\\/wp-content\\\/uploads\\\/sites\\\/12\\\/2020\\\/02\\\/forum_murcia.png\",\"contentUrl\":\"https:\\\/\\\/forummontau.com\\\/murcia\\\/wp-content\\\/uploads\\\/sites\\\/12\\\/2020\\\/02\\\/forum_murcia.png\",\"width\":214,\"height\":119,\"caption\":\"Forum Salud Mental Murcia\"},\"image\":{\"@id\":\"https:\\\/\\\/forummontau.com\\\/murcia\\\/#\\\/schema\\\/logo\\\/image\\\/\"}}]}<\/script>\n<!-- \/ Yoast SEO plugin. -->","yoast_head_json":{"title":"Adicci\u00f3n al juego o ludopat\u00eda - Forum Salud Mental Murcia","description":"Supera la adicci\u00f3n al juego. Nuestro equipo est\u00e1 aqu\u00ed para ayudarte. Cont\u00e1ctanos y encontraremos la mejor soluci\u00f3n para ti.","robots":{"index":"index","follow":"follow","max-snippet":"max-snippet:-1","max-image-preview":"max-image-preview:large","max-video-preview":"max-video-preview:-1"},"canonical":"https:\/\/forummontau.com\/murcia\/adiccion-al-juego-o-ludopatia\/","og_locale":"es_ES","og_type":"article","og_title":"Adicci\u00f3n al juego o ludopat\u00eda - Forum Salud Mental Murcia","og_description":"Supera la adicci\u00f3n al juego. Nuestro equipo est\u00e1 aqu\u00ed para ayudarte. Cont\u00e1ctanos y encontraremos la mejor soluci\u00f3n para ti.","og_url":"https:\/\/forummontau.com\/murcia\/adiccion-al-juego-o-ludopatia\/","og_site_name":"Forum Salud Mental Murcia","article_modified_time":"2026-01-07T17:53:15+00:00","twitter_card":"summary_large_image","twitter_misc":{"Tiempo de lectura":"2 minutos"},"schema":{"@context":"https:\/\/schema.org","@graph":[{"@type":"WebPage","@id":"https:\/\/forummontau.com\/murcia\/adiccion-al-juego-o-ludopatia\/","url":"https:\/\/forummontau.com\/murcia\/adiccion-al-juego-o-ludopatia\/","name":"Adicci\u00f3n al juego o ludopat\u00eda - Forum Salud Mental Murcia","isPartOf":{"@id":"https:\/\/forummontau.com\/murcia\/#website"},"datePublished":"2023-06-27T14:08:39+00:00","dateModified":"2026-01-07T17:53:15+00:00","description":"Supera la adicci\u00f3n al juego. Nuestro equipo est\u00e1 aqu\u00ed para ayudarte. Cont\u00e1ctanos y encontraremos la mejor soluci\u00f3n para ti.","breadcrumb":{"@id":"https:\/\/forummontau.com\/murcia\/adiccion-al-juego-o-ludopatia\/#breadcrumb"},"inLanguage":"es","potentialAction":[{"@type":"ReadAction","target":["https:\/\/forummontau.com\/murcia\/adiccion-al-juego-o-ludopatia\/"]}]},{"@type":"BreadcrumbList","@id":"https:\/\/forummontau.com\/murcia\/adiccion-al-juego-o-ludopatia\/#breadcrumb","itemListElement":[{"@type":"ListItem","position":1,"name":"Portada","item":"https:\/\/forummontau.com\/murcia\/"},{"@type":"ListItem","position":2,"name":"Adicci\u00f3n al juego o ludopat\u00eda"}]},{"@type":"WebSite","@id":"https:\/\/forummontau.com\/murcia\/#website","url":"https:\/\/forummontau.com\/murcia\/","name":"Forum Salud Mental Murcia","description":"Centro Desintoxicaci\u00f3n y Adicciones en Murcia","publisher":{"@id":"https:\/\/forummontau.com\/murcia\/#organization"},"potentialAction":[{"@type":"SearchAction","target":{"@type":"EntryPoint","urlTemplate":"https:\/\/forummontau.com\/murcia\/?s={search_term_string}"},"query-input":{"@type":"PropertyValueSpecification","valueRequired":true,"valueName":"search_term_string"}}],"inLanguage":"es"},{"@type":"Organization","@id":"https:\/\/forummontau.com\/murcia\/#organization","name":"Forum Salud Mental Murcia","url":"https:\/\/forummontau.com\/murcia\/","logo":{"@type":"ImageObject","inLanguage":"es","@id":"https:\/\/forummontau.com\/murcia\/#\/schema\/logo\/image\/","url":"https:\/\/forummontau.com\/murcia\/wp-content\/uploads\/sites\/12\/2020\/02\/forum_murcia.png","contentUrl":"https:\/\/forummontau.com\/murcia\/wp-content\/uploads\/sites\/12\/2020\/02\/forum_murcia.png","width":214,"height":119,"caption":"Forum Salud Mental Murcia"},"image":{"@id":"https:\/\/forummontau.com\/murcia\/#\/schema\/logo\/image\/"}}]}},"_links":{"self":[{"href":"https:\/\/forummontau.com\/murcia\/wp-json\/wp\/v2\/pages\/1566","targetHints":{"allow":["GET"]}}],"collection":[{"href":"https:\/\/forummontau.com\/murcia\/wp-json\/wp\/v2\/pages"}],"about":[{"href":"https:\/\/forummontau.com\/murcia\/wp-json\/wp\/v2\/types\/page"}],"author":[{"embeddable":true,"href":"https:\/\/forummontau.com\/murcia\/wp-json\/wp\/v2\/users\/2"}],"replies":[{"embeddable":true,"href":"https:\/\/forummontau.com\/murcia\/wp-json\/wp\/v2\/comments?post=1566"}],"version-history":[{"count":32,"href":"https:\/\/forummontau.com\/murcia\/wp-json\/wp\/v2\/pages\/1566\/revisions"}],"predecessor-version":[{"id":3606,"href":"https:\/\/forummontau.com\/murcia\/wp-json\/wp\/v2\/pages\/1566\/revisions\/3606"}],"wp:attachment":[{"href":"https:\/\/forummontau.com\/murcia\/wp-json\/wp\/v2\/media?parent=1566"}],"curies":[{"name":"wp","href":"https:\/\/api.w.org\/{rel}","templated":true}]}}