{"id":56,"date":"2018-01-29T17:22:29","date_gmt":"2018-01-29T17:22:29","guid":{"rendered":"https:\/\/www.forumcostabrava.com\/?page_id=56"},"modified":"2023-08-14T15:37:31","modified_gmt":"2023-08-14T15:37:31","slug":"identificacion-y-diagnostico","status":"publish","type":"page","link":"https:\/\/forummontau.com\/palamos\/identificacion-y-diagnostico\/","title":{"rendered":"Identificaci\u00f3n y diagn\u00f3stico"},"content":{"rendered":"\t\t<div data-elementor-type=\"wp-post\" data-elementor-id=\"56\" class=\"elementor elementor-56\" data-elementor-post-type=\"page\">\n\t\t\t\t\t\t<section class=\"elementor-section elementor-top-section elementor-element elementor-element-5e9c0c08 elementor-section-content-middle elementor-section-full_width elementor-section-items-stretch elementor-section-height-min-height elementor-section-stretched elementor-section-height-default qodef-elementor-content-no elementor-invisible\" data-id=\"5e9c0c08\" data-element_type=\"section\" data-e-type=\"section\" data-settings=\"{&quot;background_background&quot;:&quot;classic&quot;,&quot;animation&quot;:&quot;fadeInUp&quot;,&quot;stretch_section&quot;:&quot;section-stretched&quot;}\">\n\t\t\t\t\t\t<div class=\"elementor-container elementor-column-gap-default\">\n\t\t\t\t\t<div class=\"elementor-column elementor-col-50 elementor-top-column elementor-element elementor-element-53f7d60a\" data-id=\"53f7d60a\" data-element_type=\"column\" data-e-type=\"column\" data-settings=\"{&quot;background_background&quot;:&quot;classic&quot;}\">\n\t\t\t<div class=\"elementor-widget-wrap elementor-element-populated\">\n\t\t\t\t\t\t<div class=\"elementor-element elementor-element-c384c44 elementor-widget elementor-widget-heading\" data-id=\"c384c44\" data-element_type=\"widget\" data-e-type=\"widget\" data-widget_type=\"heading.default\">\n\t\t\t\t<div class=\"elementor-widget-container\">\n\t\t\t\t\t<h1 class=\"elementor-heading-title elementor-size-default\">Identificaci\u00f3n y diagn\u00f3stico<\/h1>\t\t\t\t<\/div>\n\t\t\t\t<\/div>\n\t\t\t\t<div class=\"elementor-element elementor-element-4fdd47d3 elementor-widget elementor-widget-heading\" data-id=\"4fdd47d3\" data-element_type=\"widget\" data-e-type=\"widget\" data-widget_type=\"heading.default\">\n\t\t\t\t<div class=\"elementor-widget-container\">\n\t\t\t\t\t<p class=\"elementor-heading-title elementor-size-default\">Un buen diagn\u00f3stico es clave para la correcta implementaci\u00f3n del tratamiento y recuperaci\u00f3n del paciente, para ello contamos con un equipo de profesionales capacitados para diagnosticar patolog\u00edas asociadas con el consumo y con un equipo terap\u00e9utico para abardar de forma integral.<\/p>\t\t\t\t<\/div>\n\t\t\t\t<\/div>\n\t\t\t\t<div class=\"elementor-element elementor-element-3cc5b7e9 elementor-widget elementor-widget-heading\" data-id=\"3cc5b7e9\" data-element_type=\"widget\" data-e-type=\"widget\" data-widget_type=\"heading.default\">\n\t\t\t\t<div class=\"elementor-widget-container\">\n\t\t\t\t\t<h4 class=\"elementor-heading-title elementor-size-default\">Da el primer paso<\/h4>\t\t\t\t<\/div>\n\t\t\t\t<\/div>\n\t\t\t\t<div class=\"elementor-element elementor-element-34db263b elementor-widget elementor-widget-heading\" data-id=\"34db263b\" data-element_type=\"widget\" data-e-type=\"widget\" data-widget_type=\"heading.default\">\n\t\t\t\t<div class=\"elementor-widget-container\">\n\t\t\t\t\t<h3 class=\"elementor-heading-title elementor-size-large\"><a href=\"tel:+34900802408\">900 802 408 <\/a><\/h3>\t\t\t\t<\/div>\n\t\t\t\t<\/div>\n\t\t\t\t<div class=\"elementor-element elementor-element-733f2bad elementor-widget elementor-widget-heading\" data-id=\"733f2bad\" data-element_type=\"widget\" data-e-type=\"widget\" data-widget_type=\"heading.default\">\n\t\t\t\t<div class=\"elementor-widget-container\">\n\t\t\t\t\t<h5 class=\"elementor-heading-title elementor-size-default\">1\u00aa Visita gratuita <\/h5>\t\t\t\t<\/div>\n\t\t\t\t<\/div>\n\t\t\t\t\t<\/div>\n\t\t<\/div>\n\t\t\t\t<div class=\"elementor-column elementor-col-50 elementor-top-column elementor-element elementor-element-6472bc74\" data-id=\"6472bc74\" data-element_type=\"column\" data-e-type=\"column\" data-settings=\"{&quot;background_background&quot;:&quot;classic&quot;}\">\n\t\t\t<div class=\"elementor-widget-wrap elementor-element-populated\">\n\t\t\t\t\t\t<div class=\"elementor-element elementor-element-ed15773 elementor-widget elementor-widget-spacer\" data-id=\"ed15773\" data-element_type=\"widget\" data-e-type=\"widget\" data-widget_type=\"spacer.default\">\n\t\t\t\t<div class=\"elementor-widget-container\">\n\t\t\t\t\t\t\t<div class=\"elementor-spacer\">\n\t\t\t<div class=\"elementor-spacer-inner\"><\/div>\n\t\t<\/div>\n\t\t\t\t\t\t<\/div>\n\t\t\t\t<\/div>\n\t\t\t\t\t<\/div>\n\t\t<\/div>\n\t\t\t\t\t<\/div>\n\t\t<\/section>\n\t\t\t\t<section class=\"elementor-section elementor-top-section elementor-element elementor-element-5e8200b5 elementor-section-full_width elementor-section-content-middle elementor-section-stretched elementor-section-height-default elementor-section-height-default qodef-elementor-content-no elementor-invisible\" data-id=\"5e8200b5\" data-element_type=\"section\" data-e-type=\"section\" data-settings=\"{&quot;animation&quot;:&quot;fadeInUp&quot;,&quot;stretch_section&quot;:&quot;section-stretched&quot;}\">\n\t\t\t\t\t\t<div class=\"elementor-container elementor-column-gap-default\">\n\t\t\t\t\t<div class=\"elementor-column elementor-col-100 elementor-top-column elementor-element elementor-element-17c2c2f4\" data-id=\"17c2c2f4\" data-element_type=\"column\" data-e-type=\"column\">\n\t\t\t<div class=\"elementor-widget-wrap elementor-element-populated\">\n\t\t\t\t\t\t<div class=\"elementor-element elementor-element-578342d6 elementor-widget elementor-widget-heading\" data-id=\"578342d6\" data-element_type=\"widget\" data-e-type=\"widget\" data-widget_type=\"heading.default\">\n\t\t\t\t<div class=\"elementor-widget-container\">\n\t\t\t\t\t<h2 class=\"elementor-heading-title elementor-size-default\">Identificaci\u00f3n y diagn\u00f3stico<\/h2>\t\t\t\t<\/div>\n\t\t\t\t<\/div>\n\t\t\t\t<div class=\"elementor-element elementor-element-31edd786 elementor-widget elementor-widget-text-editor\" data-id=\"31edd786\" data-element_type=\"widget\" data-e-type=\"widget\" data-widget_type=\"text-editor.default\">\n\t\t\t\t<div class=\"elementor-widget-container\">\n\t\t\t\t\t\t\t\t\t<p>Identificaci\u00f3n y diagn\u00f3stico de la dependencia y, en su caso, de posibles trastornos inducidos por consumo de sustancias. Evaluaci\u00f3n de posibles alteraciones en el orden psicol\u00f3gico y social del paciente.<\/p><p>En Forum Girona creemos que un buen diagn\u00f3stico es clave para la correcta implementaci\u00f3n del tratamiento y recuperaci\u00f3n del paciente, para ello contamos con un equipo de profesionales capacitados para diagnosticar patolog\u00edas asociadas con el consumo y con un equipo terap\u00e9utico para abardar de forma integral.<\/p><p>Trabajamos la persona adicta de forma integral teniendo en cuenta el entorno familiar, laboral y econ\u00f3mico. Entendemos que una recuperaci\u00f3n integral se inicia despu\u00e9s de un buen diagn\u00f3stico y una correcta orientaci\u00f3n terap\u00e9utica y que el \u00e9xito de la recuperaci\u00f3n depende de un buen diagn\u00f3stico.<\/p><p>De no evidenciarse la presencia de los criterios diagn\u00f3sticos necesarios para el Trastorno de Dependencia, se identificar\u00e1n los factores de riesgo preexistentes y desencadenantes, as\u00ed como las variables causales modificables que mantienen la conducta problema, que fundamentar\u00e1n el Plan de Recomendaciones basado en la informaci\u00f3n obtenida en la consulta.<br \/>En caso de precisar internamente informar\u00e1 y preparar\u00e1 al paciente y sus familiares del proceso de intervenci\u00f3n terap\u00e9utica para conseguir la m\u00e1xima adherencia al tratamiento, se realizar\u00e1 el seguimiento durante el per\u00edodo y, de estimarse necesario, se acompa\u00f1ar\u00e1 este seguimiento de asistencia personalizada.<\/p>\t\t\t\t\t\t\t\t<\/div>\n\t\t\t\t<\/div>\n\t\t\t\t<div class=\"elementor-element elementor-element-6fca1c15 elementor-widget elementor-widget-spacer\" data-id=\"6fca1c15\" data-element_type=\"widget\" data-e-type=\"widget\" data-widget_type=\"spacer.default\">\n\t\t\t\t<div class=\"elementor-widget-container\">\n\t\t\t\t\t\t\t<div class=\"elementor-spacer\">\n\t\t\t<div class=\"elementor-spacer-inner\"><\/div>\n\t\t<\/div>\n\t\t\t\t\t\t<\/div>\n\t\t\t\t<\/div>\n\t\t\t\t\t<\/div>\n\t\t<\/div>\n\t\t\t\t\t<\/div>\n\t\t<\/section>\n\t\t\t\t<\/div>\n\t\t","protected":false},"excerpt":{"rendered":"<p>Identificaci\u00f3n y diagn\u00f3stico Un buen diagn\u00f3stico es clave para la correcta implementaci\u00f3n del tratamiento y recuperaci\u00f3n del paciente, para ello contamos con un equipo de profesionales capacitados para diagnosticar patolog\u00edas asociadas con el consumo y con un equipo terap\u00e9utico para abardar de forma integral. Da el primer paso 900 802 408 1\u00aa Visita gratuita Identificaci\u00f3n [&hellip;]<\/p>\n","protected":false},"author":2,"featured_media":0,"parent":0,"menu_order":0,"comment_status":"closed","ping_status":"closed","template":"","meta":{"ocean_post_layout":"full-screen","ocean_both_sidebars_style":"","ocean_both_sidebars_content_width":0,"ocean_both_sidebars_sidebars_width":0,"ocean_sidebar":"0","ocean_second_sidebar":"0","ocean_disable_margins":"enable","ocean_add_body_class":"","ocean_shortcode_before_top_bar":"","ocean_shortcode_after_top_bar":"","ocean_shortcode_before_header":"","ocean_shortcode_after_header":"","ocean_has_shortcode":"","ocean_shortcode_after_title":"","ocean_shortcode_before_footer_widgets":"","ocean_shortcode_after_footer_widgets":"","ocean_shortcode_before_footer_bottom":"","ocean_shortcode_after_footer_bottom":"","ocean_display_top_bar":"default","ocean_display_header":"default","ocean_header_style":"","ocean_center_header_left_menu":"0","ocean_custom_header_template":"0","ocean_custom_logo":0,"ocean_custom_retina_logo":0,"ocean_custom_logo_max_width":0,"ocean_custom_logo_tablet_max_width":0,"ocean_custom_logo_mobile_max_width":0,"ocean_custom_logo_max_height":0,"ocean_custom_logo_tablet_max_height":0,"ocean_custom_logo_mobile_max_height":0,"ocean_header_custom_menu":"0","ocean_menu_typo_font_family":"0","ocean_menu_typo_font_subset":"","ocean_menu_typo_font_size":0,"ocean_menu_typo_font_size_tablet":0,"ocean_menu_typo_font_size_mobile":0,"ocean_menu_typo_font_size_unit":"px","ocean_menu_typo_font_weight":"","ocean_menu_typo_font_weight_tablet":"","ocean_menu_typo_font_weight_mobile":"","ocean_menu_typo_transform":"","ocean_menu_typo_transform_tablet":"","ocean_menu_typo_transform_mobile":"","ocean_menu_typo_line_height":0,"ocean_menu_typo_line_height_tablet":0,"ocean_menu_typo_line_height_mobile":0,"ocean_menu_typo_line_height_unit":"","ocean_menu_typo_spacing":0,"ocean_menu_typo_spacing_tablet":0,"ocean_menu_typo_spacing_mobile":0,"ocean_menu_typo_spacing_unit":"","ocean_menu_link_color":"","ocean_menu_link_color_hover":"","ocean_menu_link_color_active":"","ocean_menu_link_background":"","ocean_menu_link_hover_background":"","ocean_menu_link_active_background":"","ocean_menu_social_links_bg":"","ocean_menu_social_hover_links_bg":"","ocean_menu_social_links_color":"","ocean_menu_social_hover_links_color":"","ocean_disable_title":"on","ocean_disable_heading":"default","ocean_post_title":"","ocean_post_subheading":"","ocean_post_title_style":"","ocean_post_title_background_color":"","ocean_post_title_background":0,"ocean_post_title_bg_image_position":"","ocean_post_title_bg_image_attachment":"","ocean_post_title_bg_image_repeat":"","ocean_post_title_bg_image_size":"","ocean_post_title_height":0,"ocean_post_title_bg_overlay":0.5,"ocean_post_title_bg_overlay_color":"","ocean_disable_breadcrumbs":"default","ocean_breadcrumbs_color":"","ocean_breadcrumbs_separator_color":"","ocean_breadcrumbs_links_color":"","ocean_breadcrumbs_links_hover_color":"","ocean_display_footer_widgets":"default","ocean_display_footer_bottom":"default","ocean_custom_footer_template":"0","footnotes":""},"class_list":["post-56","page","type-page","status-publish","hentry","entry"],"yoast_head":"<!-- This site is optimized with the Yoast SEO plugin v27.3 - https:\/\/yoast.com\/product\/yoast-seo-wordpress\/ -->\n<title>Forum Terapeutic Girona - Identificaci\u00f3n y diagn\u00f3stico<\/title>\n<meta name=\"robots\" content=\"index, follow, max-snippet:-1, max-image-preview:large, max-video-preview:-1\" \/>\n<link rel=\"canonical\" href=\"https:\/\/forummontau.com\/palamos\/identificacion-y-diagnostico\/\" \/>\n<meta property=\"og:locale\" content=\"es_ES\" \/>\n<meta property=\"og:type\" content=\"article\" \/>\n<meta property=\"og:title\" content=\"Forum Terapeutic Girona - Identificaci\u00f3n y diagn\u00f3stico\" \/>\n<meta property=\"og:description\" content=\"Identificaci\u00f3n y diagn\u00f3stico Un buen diagn\u00f3stico es clave para la correcta implementaci\u00f3n del tratamiento y recuperaci\u00f3n del paciente, para ello contamos con un equipo de profesionales capacitados para diagnosticar patolog\u00edas asociadas con el consumo y con un equipo terap\u00e9utico para abardar de forma integral. Da el primer paso 900 802 408 1\u00aa Visita gratuita Identificaci\u00f3n [&hellip;]\" \/>\n<meta property=\"og:url\" content=\"https:\/\/forummontau.com\/palamos\/identificacion-y-diagnostico\/\" \/>\n<meta property=\"og:site_name\" content=\"Forum Salud Mental Palam\u00f3s - Costa Brava\" \/>\n<meta property=\"article:modified_time\" content=\"2023-08-14T15:37:31+00:00\" \/>\n<meta name=\"twitter:card\" content=\"summary_large_image\" \/>\n<meta name=\"twitter:label1\" content=\"Tiempo de lectura\" \/>\n\t<meta name=\"twitter:data1\" content=\"2 minutos\" \/>\n<script type=\"application\/ld+json\" class=\"yoast-schema-graph\">{\"@context\":\"https:\\\/\\\/schema.org\",\"@graph\":[{\"@type\":\"WebPage\",\"@id\":\"https:\\\/\\\/forummontau.com\\\/palamos\\\/identificacion-y-diagnostico\\\/\",\"url\":\"https:\\\/\\\/forummontau.com\\\/palamos\\\/identificacion-y-diagnostico\\\/\",\"name\":\"Forum Terapeutic Girona - Identificaci\u00f3n y diagn\u00f3stico\",\"isPartOf\":{\"@id\":\"https:\\\/\\\/forummontau.com\\\/palamos\\\/#website\"},\"datePublished\":\"2018-01-29T17:22:29+00:00\",\"dateModified\":\"2023-08-14T15:37:31+00:00\",\"breadcrumb\":{\"@id\":\"https:\\\/\\\/forummontau.com\\\/palamos\\\/identificacion-y-diagnostico\\\/#breadcrumb\"},\"inLanguage\":\"es\",\"potentialAction\":[{\"@type\":\"ReadAction\",\"target\":[\"https:\\\/\\\/forummontau.com\\\/palamos\\\/identificacion-y-diagnostico\\\/\"]}]},{\"@type\":\"BreadcrumbList\",\"@id\":\"https:\\\/\\\/forummontau.com\\\/palamos\\\/identificacion-y-diagnostico\\\/#breadcrumb\",\"itemListElement\":[{\"@type\":\"ListItem\",\"position\":1,\"name\":\"Portada\",\"item\":\"https:\\\/\\\/forummontau.com\\\/palamos\\\/forum-salud-mental-cat\\\/\"},{\"@type\":\"ListItem\",\"position\":2,\"name\":\"Identificaci\u00f3n y diagn\u00f3stico\"}]},{\"@type\":\"WebSite\",\"@id\":\"https:\\\/\\\/forummontau.com\\\/palamos\\\/#website\",\"url\":\"https:\\\/\\\/forummontau.com\\\/palamos\\\/\",\"name\":\"Forum Salud Mental Palam\u00f3s - Costa Brava\",\"description\":\"Centro especializado en salud mental y adicciones\",\"publisher\":{\"@id\":\"https:\\\/\\\/forummontau.com\\\/palamos\\\/#organization\"},\"potentialAction\":[{\"@type\":\"SearchAction\",\"target\":{\"@type\":\"EntryPoint\",\"urlTemplate\":\"https:\\\/\\\/forummontau.com\\\/palamos\\\/?s={search_term_string}\"},\"query-input\":{\"@type\":\"PropertyValueSpecification\",\"valueRequired\":true,\"valueName\":\"search_term_string\"}}],\"inLanguage\":\"es\"},{\"@type\":\"Organization\",\"@id\":\"https:\\\/\\\/forummontau.com\\\/palamos\\\/#organization\",\"name\":\"Forum Salud Mental Palam\u00f3s - Costa Brava\",\"url\":\"https:\\\/\\\/forummontau.com\\\/palamos\\\/\",\"logo\":{\"@type\":\"ImageObject\",\"inLanguage\":\"es\",\"@id\":\"https:\\\/\\\/forummontau.com\\\/palamos\\\/#\\\/schema\\\/logo\\\/image\\\/\",\"url\":\"https:\\\/\\\/forummontau.com\\\/palamos\\\/wp-content\\\/uploads\\\/sites\\\/5\\\/2023\\\/07\\\/logo_girona_palamos.png\",\"contentUrl\":\"https:\\\/\\\/forummontau.com\\\/palamos\\\/wp-content\\\/uploads\\\/sites\\\/5\\\/2023\\\/07\\\/logo_girona_palamos.png\",\"width\":209,\"height\":118,\"caption\":\"Forum Salud Mental Palam\u00f3s - Costa Brava\"},\"image\":{\"@id\":\"https:\\\/\\\/forummontau.com\\\/palamos\\\/#\\\/schema\\\/logo\\\/image\\\/\"}}]}<\/script>\n<!-- \/ Yoast SEO plugin. -->","yoast_head_json":{"title":"Forum Terapeutic Girona - Identificaci\u00f3n y diagn\u00f3stico","robots":{"index":"index","follow":"follow","max-snippet":"max-snippet:-1","max-image-preview":"max-image-preview:large","max-video-preview":"max-video-preview:-1"},"canonical":"https:\/\/forummontau.com\/palamos\/identificacion-y-diagnostico\/","og_locale":"es_ES","og_type":"article","og_title":"Forum Terapeutic Girona - Identificaci\u00f3n y diagn\u00f3stico","og_description":"Identificaci\u00f3n y diagn\u00f3stico Un buen diagn\u00f3stico es clave para la correcta implementaci\u00f3n del tratamiento y recuperaci\u00f3n del paciente, para ello contamos con un equipo de profesionales capacitados para diagnosticar patolog\u00edas asociadas con el consumo y con un equipo terap\u00e9utico para abardar de forma integral. Da el primer paso 900 802 408 1\u00aa Visita gratuita Identificaci\u00f3n [&hellip;]","og_url":"https:\/\/forummontau.com\/palamos\/identificacion-y-diagnostico\/","og_site_name":"Forum Salud Mental Palam\u00f3s - Costa Brava","article_modified_time":"2023-08-14T15:37:31+00:00","twitter_card":"summary_large_image","twitter_misc":{"Tiempo de lectura":"2 minutos"},"schema":{"@context":"https:\/\/schema.org","@graph":[{"@type":"WebPage","@id":"https:\/\/forummontau.com\/palamos\/identificacion-y-diagnostico\/","url":"https:\/\/forummontau.com\/palamos\/identificacion-y-diagnostico\/","name":"Forum Terapeutic Girona - Identificaci\u00f3n y diagn\u00f3stico","isPartOf":{"@id":"https:\/\/forummontau.com\/palamos\/#website"},"datePublished":"2018-01-29T17:22:29+00:00","dateModified":"2023-08-14T15:37:31+00:00","breadcrumb":{"@id":"https:\/\/forummontau.com\/palamos\/identificacion-y-diagnostico\/#breadcrumb"},"inLanguage":"es","potentialAction":[{"@type":"ReadAction","target":["https:\/\/forummontau.com\/palamos\/identificacion-y-diagnostico\/"]}]},{"@type":"BreadcrumbList","@id":"https:\/\/forummontau.com\/palamos\/identificacion-y-diagnostico\/#breadcrumb","itemListElement":[{"@type":"ListItem","position":1,"name":"Portada","item":"https:\/\/forummontau.com\/palamos\/forum-salud-mental-cat\/"},{"@type":"ListItem","position":2,"name":"Identificaci\u00f3n y diagn\u00f3stico"}]},{"@type":"WebSite","@id":"https:\/\/forummontau.com\/palamos\/#website","url":"https:\/\/forummontau.com\/palamos\/","name":"Forum Salud Mental Palam\u00f3s - Costa Brava","description":"Centro especializado en salud mental y adicciones","publisher":{"@id":"https:\/\/forummontau.com\/palamos\/#organization"},"potentialAction":[{"@type":"SearchAction","target":{"@type":"EntryPoint","urlTemplate":"https:\/\/forummontau.com\/palamos\/?s={search_term_string}"},"query-input":{"@type":"PropertyValueSpecification","valueRequired":true,"valueName":"search_term_string"}}],"inLanguage":"es"},{"@type":"Organization","@id":"https:\/\/forummontau.com\/palamos\/#organization","name":"Forum Salud Mental Palam\u00f3s - Costa Brava","url":"https:\/\/forummontau.com\/palamos\/","logo":{"@type":"ImageObject","inLanguage":"es","@id":"https:\/\/forummontau.com\/palamos\/#\/schema\/logo\/image\/","url":"https:\/\/forummontau.com\/palamos\/wp-content\/uploads\/sites\/5\/2023\/07\/logo_girona_palamos.png","contentUrl":"https:\/\/forummontau.com\/palamos\/wp-content\/uploads\/sites\/5\/2023\/07\/logo_girona_palamos.png","width":209,"height":118,"caption":"Forum Salud Mental Palam\u00f3s - Costa Brava"},"image":{"@id":"https:\/\/forummontau.com\/palamos\/#\/schema\/logo\/image\/"}}]}},"_links":{"self":[{"href":"https:\/\/forummontau.com\/palamos\/wp-json\/wp\/v2\/pages\/56","targetHints":{"allow":["GET"]}}],"collection":[{"href":"https:\/\/forummontau.com\/palamos\/wp-json\/wp\/v2\/pages"}],"about":[{"href":"https:\/\/forummontau.com\/palamos\/wp-json\/wp\/v2\/types\/page"}],"author":[{"embeddable":true,"href":"https:\/\/forummontau.com\/palamos\/wp-json\/wp\/v2\/users\/2"}],"replies":[{"embeddable":true,"href":"https:\/\/forummontau.com\/palamos\/wp-json\/wp\/v2\/comments?post=56"}],"version-history":[{"count":4,"href":"https:\/\/forummontau.com\/palamos\/wp-json\/wp\/v2\/pages\/56\/revisions"}],"predecessor-version":[{"id":4007,"href":"https:\/\/forummontau.com\/palamos\/wp-json\/wp\/v2\/pages\/56\/revisions\/4007"}],"wp:attachment":[{"href":"https:\/\/forummontau.com\/palamos\/wp-json\/wp\/v2\/media?parent=56"}],"curies":[{"name":"wp","href":"https:\/\/api.w.org\/{rel}","templated":true}]}}